{"id":998,"date":"2023-05-13T10:50:41","date_gmt":"2023-05-13T10:50:41","guid":{"rendered":"https:\/\/xn--hw-kppers-t9a.de\/?page_id=998"},"modified":"2023-05-13T10:55:18","modified_gmt":"2023-05-13T10:55:18","slug":"gebeizte-schweinshaxn-mit-biersosse","status":"publish","type":"page","link":"https:\/\/xn--hw-kppers-t9a.de\/?page_id=998","title":{"rendered":"GEBEIZTE SCHWEINSHAX&#8217;N MIT BIERSOSSE"},"content":{"rendered":"\t\t<div data-elementor-type=\"wp-page\" data-elementor-id=\"998\" class=\"elementor elementor-998\" data-elementor-post-type=\"page\">\n\t\t\t\t\t\t<section class=\"elementor-section elementor-top-section elementor-element elementor-element-50db0e4 elementor-section-full_width elementor-section-height-default elementor-section-height-default\" data-id=\"50db0e4\" data-element_type=\"section\" data-e-type=\"section\">\n\t\t\t\t\t\t\t<div class=\"elementor-background-overlay\"><\/div>\n\t\t\t\t\t\t\t<div class=\"elementor-container elementor-column-gap-default\">\n\t\t\t\t\t<div class=\"elementor-column elementor-col-100 elementor-top-column elementor-element elementor-element-7d548c0\" data-id=\"7d548c0\" data-element_type=\"column\" data-e-type=\"column\">\n\t\t\t<div class=\"elementor-widget-wrap elementor-element-populated\">\n\t\t\t\t\t\t<div class=\"elementor-element elementor-element-9d8f8be elementor-widget elementor-widget-heading\" data-id=\"9d8f8be\" data-element_type=\"widget\" data-e-type=\"widget\" data-widget_type=\"heading.default\">\n\t\t\t\t<div class=\"elementor-widget-container\">\n\t\t\t\t\t<h2 class=\"elementor-heading-title elementor-size-default\">GEBEIZTE SCHWEINSHAX'N MIT BIERSOSSE<\/h2>\t\t\t\t<\/div>\n\t\t\t\t<\/div>\n\t\t\t\t<div class=\"elementor-element elementor-element-5d5f3b0 elementor-widget elementor-widget-text-editor\" data-id=\"5d5f3b0\" data-element_type=\"widget\" data-e-type=\"widget\" data-widget_type=\"text-editor.default\">\n\t\t\t\t<div class=\"elementor-widget-container\">\n\t\t\t\t\t\t\t\t\t<p>1 Schweinshaxen oder mehr<\/p><p>2-3 Mohrr\u00fcben<\/p><p>\u00bd Knollensellerie<\/p><p>\u00bd Stange Lauch<\/p><p>2 Kartoffeln<\/p><p>2-3 Zwiebeln<\/p><p>1,5 Liter dunkles Bier<\/p><p>1 Prise Salz<\/p><p>1 Prise Pfeffer<\/p><p>\u00a0<\/p><p>Vorbereitungszeit: 30 Minuten\u00a0 Kochzeit: 120 Minuten\u00a0 Insgesamt: 150 Minuten<\/p><p>\u00a0<\/p><p>ZUBEREITUNG DER SCHWEINSHAXE<\/p><p>\u00a0<\/p><p>Die Schweinshaxe mit Salz, Pfeffer und K\u00fcmmel gut rundrum einmassieren und 2 Stunden ruhen lassen. In der Zwischenzeit k\u00f6nnt Ihr nach Belieben das Bier schon mal kosten, aber dringend genug f\u00fcr die Hax\u2019n \u00fcbriglassen.<\/p><p>\u00a0<\/p><p>Den Ofen auf 160\u00b0 C vorheizen.<\/p><p>\u00a0<\/p><p>Das Wurzelgem\u00fcse gleichm\u00e4\u00dfig w\u00fcrfeln, durchmischen und in den Br\u00e4ter geben und die gebeizte Hax\u2019n drauflegen. Das Gem\u00fcse mit etwas Wasser angie\u00dfen, so dass das die W\u00fcrfel etwa zu einem Drittel rausschauen, aber nicht schwimmen.<\/p><p>\u00a0<\/p><p>Jetzt kommt der Br\u00e4ter f\u00fcr 1,5 Stunden in\u2019s Rohr. Unbedingt in der N\u00e4he bleiben. Wenn das Wasser runtergekocht ist und das Gem\u00fcse leicht anger\u00f6stet ist mit so viel Bier abl\u00f6schen, dass wieder das Gem\u00fcse nicht ganz bedeckt ist. Das wiederholt Ihr solange, bis die Garzeit um ist. Aufpassen, nicht zu viel Bier selber probieren, sonnst verbrennt am Ende alles.<\/p><p>\u00a0<\/p><p>Zum Schlu\u00df hin k\u00f6nnt Ihr auch die Hax\u2019n mit dem Bier \u00fcbergie\u00dfen. Wenn die 1,5 Stunden um sind, den Br\u00e4ter aus dem Rohr nehmen die Haxe auf einen Teller legen und das geschmorte Gem\u00fcse mit dem Sud aus dem Br\u00e4ter in eine Sch\u00fcssel abgie\u00dfen.<\/p><p>\u00a0<\/p><p>Sp\u00e4testens jetzt solltet Ihr mit den Kn\u00f6deln soweit sein, dass Ihr sie kochen k\u00f6nnt. Aber erstmal die Hax\u2019n wieder in den Br\u00e4ter geben und f\u00fcr 1\/2 Stunde bei 200\u00b0 C aufreschen.<\/p><p>\u00a0<\/p><p>Die fertigen Kn\u00f6del in\u2019s k\u00f6chelnde Wasser geben \u2013 die Mutigen kochen sie zusammen.<\/p><p>\u00a0<\/p><p>Nun das geschmorte W\u00fcrzelgem\u00fcse mit dem Sud \u00fcber einem Topf durch ein feines Sieb, am besten mit einer Suppenkelle, streichen und warmhalten. Gegebenfalls, je nach Konsistenz noch etwas reduzieren und mit etwas kalter Butter zum gl\u00e4nzen bringen und nach belieben abschmecken.<\/p><p>\u00a0<\/p><p>Nun m\u00fcsste die Haxe a sch\u00f6ne resche Krusten haben und ist servierfertig. Ab auf den vorbereiteten Teller damit, noch je einen Kn\u00f6del dazu und die So\u00dfe nicht vergessen!<\/p>\t\t\t\t\t\t\t\t<\/div>\n\t\t\t\t<\/div>\n\t\t\t\t\t<\/div>\n\t\t<\/div>\n\t\t\t\t\t<\/div>\n\t\t<\/section>\n\t\t\t\t<\/div>\n\t\t","protected":false},"excerpt":{"rendered":"<p>GEBEIZTE SCHWEINSHAX&#8217;N MIT BIERSOSSE 1 Schweinshaxen oder mehr 2-3 Mohrr\u00fcben \u00bd Knollensellerie \u00bd Stange Lauch 2 Kartoffeln 2-3 Zwiebeln 1,5 Liter dunkles Bier 1 Prise Salz 1 Prise Pfeffer \u00a0 Vorbereitungszeit: 30 Minuten\u00a0 Kochzeit: 120 Minuten\u00a0 Insgesamt: 150 Minuten \u00a0 ZUBEREITUNG DER SCHWEINSHAXE \u00a0 Die Schweinshaxe mit Salz, Pfeffer und K\u00fcmmel gut rundrum einmassieren und [&hellip;]<\/p>\n","protected":false},"author":1,"featured_media":0,"parent":0,"menu_order":0,"comment_status":"closed","ping_status":"closed","template":"","meta":{"footnotes":""},"class_list":["post-998","page","type-page","status-publish","hentry"],"_links":{"self":[{"href":"https:\/\/xn--hw-kppers-t9a.de\/index.php?rest_route=\/wp\/v2\/pages\/998","targetHints":{"allow":["GET"]}}],"collection":[{"href":"https:\/\/xn--hw-kppers-t9a.de\/index.php?rest_route=\/wp\/v2\/pages"}],"about":[{"href":"https:\/\/xn--hw-kppers-t9a.de\/index.php?rest_route=\/wp\/v2\/types\/page"}],"author":[{"embeddable":true,"href":"https:\/\/xn--hw-kppers-t9a.de\/index.php?rest_route=\/wp\/v2\/users\/1"}],"replies":[{"embeddable":true,"href":"https:\/\/xn--hw-kppers-t9a.de\/index.php?rest_route=%2Fwp%2Fv2%2Fcomments&post=998"}],"version-history":[{"count":4,"href":"https:\/\/xn--hw-kppers-t9a.de\/index.php?rest_route=\/wp\/v2\/pages\/998\/revisions"}],"predecessor-version":[{"id":1003,"href":"https:\/\/xn--hw-kppers-t9a.de\/index.php?rest_route=\/wp\/v2\/pages\/998\/revisions\/1003"}],"wp:attachment":[{"href":"https:\/\/xn--hw-kppers-t9a.de\/index.php?rest_route=%2Fwp%2Fv2%2Fmedia&parent=998"}],"curies":[{"name":"wp","href":"https:\/\/api.w.org\/{rel}","templated":true}]}}