{"id":854,"date":"2023-05-12T18:50:19","date_gmt":"2023-05-12T18:50:19","guid":{"rendered":"https:\/\/xn--hw-kppers-t9a.de\/?page_id=854"},"modified":"2023-05-12T18:57:32","modified_gmt":"2023-05-12T18:57:32","slug":"eierlikoer-guglhupf","status":"publish","type":"page","link":"https:\/\/xn--hw-kppers-t9a.de\/?page_id=854","title":{"rendered":"Eierlik\u00f6r-Guglhupf"},"content":{"rendered":"\t\t<div data-elementor-type=\"wp-page\" data-elementor-id=\"854\" class=\"elementor elementor-854\" data-elementor-post-type=\"page\">\n\t\t\t\t\t\t<section class=\"elementor-section elementor-top-section elementor-element elementor-element-d073f1c elementor-section-full_width elementor-section-height-default elementor-section-height-default\" data-id=\"d073f1c\" data-element_type=\"section\" data-e-type=\"section\">\n\t\t\t\t\t\t\t<div class=\"elementor-background-overlay\"><\/div>\n\t\t\t\t\t\t\t<div class=\"elementor-container elementor-column-gap-default\">\n\t\t\t\t\t<div class=\"elementor-column elementor-col-100 elementor-top-column elementor-element elementor-element-4d08c3e\" data-id=\"4d08c3e\" data-element_type=\"column\" data-e-type=\"column\">\n\t\t\t<div class=\"elementor-widget-wrap elementor-element-populated\">\n\t\t\t\t\t\t<div class=\"elementor-element elementor-element-36bc8c7 elementor-widget elementor-widget-heading\" data-id=\"36bc8c7\" data-element_type=\"widget\" data-e-type=\"widget\" data-widget_type=\"heading.default\">\n\t\t\t\t<div class=\"elementor-widget-container\">\n\t\t\t\t\t<h2 class=\"elementor-heading-title elementor-size-default\">Eierlik\u00f6r-Guglhupf<\/h2>\t\t\t\t<\/div>\n\t\t\t\t<\/div>\n\t\t\t\t<div class=\"elementor-element elementor-element-98eb6d1 elementor-widget elementor-widget-text-editor\" data-id=\"98eb6d1\" data-element_type=\"widget\" data-e-type=\"widget\" data-widget_type=\"text-editor.default\">\n\t\t\t\t<div class=\"elementor-widget-container\">\n\t\t\t\t\t\t\t\t\t<p>ZUTATEN<\/p><p>\u00a0<\/p><p>\u00a0<\/p><p>5 \u00a0Eier<\/p><p>\u00a0<\/p><p>200 g Zucker<\/p><p>\u00a0<\/p><p>1 Pck. Vanillezucker<\/p><p>\u00a0<\/p><p>250 ml Sonnenblumen\u00f6l<\/p><p>\u00a0<\/p><p>250 ml Eierlik\u00f6r<\/p><p>\u00a0<\/p><p>200 g Mehl<\/p><p>\u00a0<\/p><p>100 g Mais St\u00e4rke<\/p><p>\u00a0<\/p><p>1 Pck. Backpulver<\/p><p>\u00a0<\/p><p>1 EL Kakao<\/p><p>\u00a0<\/p><p>ZUBEREITUNG<\/p><p>\u00a0<\/p><p>Eier, Zucker und Vanillezucker schaumig schlagen. Alles verr\u00fchren und nach und nach \u00d6l und Eierlik\u00f6r eingie\u00dfen. Zuletzt Mehl und Backpulver dazu gie\u00dfen. 3\/4 der Masse in die gefettete Napfkuchenform einf\u00fcllen, den restlichen Teig mit Kakao verr\u00fchren und in die Form gie\u00dfen. 45 Minuten bei mittlerer Hitze backen.<\/p><p>\u00a0<\/p><p>Angaben pro 100 g<\/p><p>\u00a0<\/p><p>kJ (kcal)\u00a0\u00a0\u00a0\u00a0\u00a0\u00a0\u00a0\u00a0\u00a0\u00a0\u00a0\u00a0\u00a0\u00a0\u00a0\u00a0\u00a0\u00a0\u00a0 1804 (431)<\/p><p>\u00a0<\/p><p>Eiwei\u00df\u00a0\u00a0\u00a0\u00a0\u00a0\u00a0\u00a0\u00a0\u00a0\u00a0\u00a0\u00a0\u00a0\u00a0\u00a0\u00a0\u00a0\u00a0\u00a0\u00a0\u00a0\u00a0 2,8 g<\/p><p>\u00a0<\/p><p>Kohlenhydrate\u00a0\u00a0\u00a0\u00a0\u00a0\u00a0 45,4 g<\/p><p>\u00a0<\/p><p>Fett\u00a0\u00a0\u00a0\u00a0\u00a0\u00a0\u00a0\u00a0\u00a0\u00a0\u00a0\u00a0\u00a0\u00a0\u00a0\u00a0\u00a0\u00a0\u00a0\u00a0\u00a0\u00a0\u00a0\u00a0\u00a0\u00a0\u00a0 24,3 g<\/p>\t\t\t\t\t\t\t\t<\/div>\n\t\t\t\t<\/div>\n\t\t\t\t\t<\/div>\n\t\t<\/div>\n\t\t\t\t\t<\/div>\n\t\t<\/section>\n\t\t\t\t<\/div>\n\t\t","protected":false},"excerpt":{"rendered":"<p>Eierlik\u00f6r-Guglhupf ZUTATEN \u00a0 \u00a0 5 \u00a0Eier \u00a0 200 g Zucker \u00a0 1 Pck. Vanillezucker \u00a0 250 ml Sonnenblumen\u00f6l \u00a0 250 ml Eierlik\u00f6r \u00a0 200 g Mehl \u00a0 100 g Mais St\u00e4rke \u00a0 1 Pck. Backpulver \u00a0 1 EL Kakao \u00a0 ZUBEREITUNG \u00a0 Eier, Zucker und Vanillezucker schaumig schlagen. Alles verr\u00fchren und nach und nach \u00d6l [&hellip;]<\/p>\n","protected":false},"author":1,"featured_media":0,"parent":0,"menu_order":0,"comment_status":"closed","ping_status":"closed","template":"","meta":{"footnotes":""},"class_list":["post-854","page","type-page","status-publish","hentry"],"_links":{"self":[{"href":"https:\/\/xn--hw-kppers-t9a.de\/index.php?rest_route=\/wp\/v2\/pages\/854","targetHints":{"allow":["GET"]}}],"collection":[{"href":"https:\/\/xn--hw-kppers-t9a.de\/index.php?rest_route=\/wp\/v2\/pages"}],"about":[{"href":"https:\/\/xn--hw-kppers-t9a.de\/index.php?rest_route=\/wp\/v2\/types\/page"}],"author":[{"embeddable":true,"href":"https:\/\/xn--hw-kppers-t9a.de\/index.php?rest_route=\/wp\/v2\/users\/1"}],"replies":[{"embeddable":true,"href":"https:\/\/xn--hw-kppers-t9a.de\/index.php?rest_route=%2Fwp%2Fv2%2Fcomments&post=854"}],"version-history":[{"count":4,"href":"https:\/\/xn--hw-kppers-t9a.de\/index.php?rest_route=\/wp\/v2\/pages\/854\/revisions"}],"predecessor-version":[{"id":860,"href":"https:\/\/xn--hw-kppers-t9a.de\/index.php?rest_route=\/wp\/v2\/pages\/854\/revisions\/860"}],"wp:attachment":[{"href":"https:\/\/xn--hw-kppers-t9a.de\/index.php?rest_route=%2Fwp%2Fv2%2Fmedia&parent=854"}],"curies":[{"name":"wp","href":"https:\/\/api.w.org\/{rel}","templated":true}]}}