{"id":820,"date":"2023-05-12T18:08:32","date_gmt":"2023-05-12T18:08:32","guid":{"rendered":"https:\/\/xn--hw-kppers-t9a.de\/?page_id=820"},"modified":"2023-05-14T18:45:16","modified_gmt":"2023-05-14T18:45:16","slug":"charlotte-russe-mit-erdbeeren","status":"publish","type":"page","link":"https:\/\/xn--hw-kppers-t9a.de\/?page_id=820","title":{"rendered":"Charlotte Russe mit Erdbeeren"},"content":{"rendered":"\t\t<div data-elementor-type=\"wp-page\" data-elementor-id=\"820\" class=\"elementor elementor-820\" data-elementor-post-type=\"page\">\n\t\t\t\t\t\t<section class=\"elementor-section elementor-top-section elementor-element elementor-element-0bf2904 elementor-section-full_width elementor-section-height-default elementor-section-height-default\" data-id=\"0bf2904\" data-element_type=\"section\" data-e-type=\"section\">\n\t\t\t\t\t\t\t<div class=\"elementor-background-overlay\"><\/div>\n\t\t\t\t\t\t\t<div class=\"elementor-container elementor-column-gap-default\">\n\t\t\t\t\t<div class=\"elementor-column elementor-col-100 elementor-top-column elementor-element elementor-element-bea9517\" data-id=\"bea9517\" data-element_type=\"column\" data-e-type=\"column\">\n\t\t\t<div class=\"elementor-widget-wrap elementor-element-populated\">\n\t\t\t\t\t\t<div class=\"elementor-element elementor-element-d351359 elementor-widget elementor-widget-heading\" data-id=\"d351359\" data-element_type=\"widget\" data-e-type=\"widget\" data-widget_type=\"heading.default\">\n\t\t\t\t<div class=\"elementor-widget-container\">\n\t\t\t\t\t<h2 class=\"elementor-heading-title elementor-size-default\">Charlotte Russe mit Erdbeeren selbstgemacht<\/h2>\t\t\t\t<\/div>\n\t\t\t\t<\/div>\n\t\t\t\t<div class=\"elementor-element elementor-element-be628e3 elementor-widget elementor-widget-text-editor\" data-id=\"be628e3\" data-element_type=\"widget\" data-e-type=\"widget\" data-widget_type=\"text-editor.default\">\n\t\t\t\t<div class=\"elementor-widget-container\">\n\t\t\t\t\t\t\t\t\t<p>Zutaten f\u00fcr den Biskuitteig<\/p><p>3 Eigelbe<\/p><p>90 g Zucker<\/p><p>2 EL hei\u00dfes Wasser<\/p><p>3 Eiwei\u00dfe<\/p><p>1 Prise Salz<\/p><p>1 EL Zucker<\/p><p>90 g Mehl<\/p><p>Backofen: 240 Grad<\/p><p>Backzeit: 4-5 Minuten<\/p><p>Au\u00dferdem: 3-4 EL Passierte Himbeerkonfit\u00fcre<\/p><p>Zutaten f\u00fcr die Zitronencreme<\/p><p>300 g Frischk\u00e4se<\/p><p>2 Beutel Gelatinefix<\/p><p>120 ml Zitronensaft<\/p><p>\u00a0Abrieb von \u00bd Zitrone<\/p><p>\u00a0200 g ges\u00fc\u00dfte Kondensmilch<\/p><p>\u00a0Etwas gelbe Lebensmittelfarbe<\/p><p>\u00a0Zutaten f\u00fcr die Himbeercreme<\/p><p>200 g TK Himbeeren mit 1 EL Zucker (p\u00fcriert und passiert)<\/p><p>300 g Frischk\u00e4se<\/p><p>2 Beutel Gelatinefix<\/p><p>1 Becher Sahne, aufschlagen mit 2 Pack. Vanillezucker<\/p><p>Au\u00dferdem: einige angefrorene Himbeeren<\/p><p>\u00a0F\u00fcr den Boden<\/p><p>120 g Schokokekse<\/p><p>\u00a080 g geschmolzene Butter<\/p><p style=\"text-align: center;\"><a href=\"https:\/\/xn--hw-kppers-t9a.eu\/STRATO-apps\/wordpress_03\/app\/wp-content\/uploads\/2023\/02\/Charlotte.mp4\"><strong><span style=\"color: #ff0000;\">Video<\/span><\/strong><\/a><\/p>\t\t\t\t\t\t\t\t<\/div>\n\t\t\t\t<\/div>\n\t\t\t\t\t<\/div>\n\t\t<\/div>\n\t\t\t\t\t<\/div>\n\t\t<\/section>\n\t\t\t\t<\/div>\n\t\t","protected":false},"excerpt":{"rendered":"<p>Charlotte Russe mit Erdbeeren selbstgemacht Zutaten f\u00fcr den Biskuitteig 3 Eigelbe 90 g Zucker 2 EL hei\u00dfes Wasser 3 Eiwei\u00dfe 1 Prise Salz 1 EL Zucker 90 g Mehl Backofen: 240 Grad Backzeit: 4-5 Minuten Au\u00dferdem: 3-4 EL Passierte Himbeerkonfit\u00fcre Zutaten f\u00fcr die Zitronencreme 300 g Frischk\u00e4se 2 Beutel Gelatinefix 120 ml Zitronensaft \u00a0Abrieb von [&hellip;]<\/p>\n","protected":false},"author":1,"featured_media":0,"parent":0,"menu_order":0,"comment_status":"closed","ping_status":"closed","template":"","meta":{"footnotes":""},"class_list":["post-820","page","type-page","status-publish","hentry"],"_links":{"self":[{"href":"https:\/\/xn--hw-kppers-t9a.de\/index.php?rest_route=\/wp\/v2\/pages\/820","targetHints":{"allow":["GET"]}}],"collection":[{"href":"https:\/\/xn--hw-kppers-t9a.de\/index.php?rest_route=\/wp\/v2\/pages"}],"about":[{"href":"https:\/\/xn--hw-kppers-t9a.de\/index.php?rest_route=\/wp\/v2\/types\/page"}],"author":[{"embeddable":true,"href":"https:\/\/xn--hw-kppers-t9a.de\/index.php?rest_route=\/wp\/v2\/users\/1"}],"replies":[{"embeddable":true,"href":"https:\/\/xn--hw-kppers-t9a.de\/index.php?rest_route=%2Fwp%2Fv2%2Fcomments&post=820"}],"version-history":[{"count":19,"href":"https:\/\/xn--hw-kppers-t9a.de\/index.php?rest_route=\/wp\/v2\/pages\/820\/revisions"}],"predecessor-version":[{"id":1613,"href":"https:\/\/xn--hw-kppers-t9a.de\/index.php?rest_route=\/wp\/v2\/pages\/820\/revisions\/1613"}],"wp:attachment":[{"href":"https:\/\/xn--hw-kppers-t9a.de\/index.php?rest_route=%2Fwp%2Fv2%2Fmedia&parent=820"}],"curies":[{"name":"wp","href":"https:\/\/api.w.org\/{rel}","templated":true}]}}