{"id":2548,"date":"2024-10-13T12:27:27","date_gmt":"2024-10-13T12:27:27","guid":{"rendered":"https:\/\/xn--hw-kppers-t9a.de\/?page_id=2548"},"modified":"2024-10-13T12:34:12","modified_gmt":"2024-10-13T12:34:12","slug":"bienenstich-eis","status":"publish","type":"page","link":"https:\/\/xn--hw-kppers-t9a.de\/?page_id=2548","title":{"rendered":"Bienenstich-Eis\u00a0"},"content":{"rendered":"\t\t<div data-elementor-type=\"wp-page\" data-elementor-id=\"2548\" class=\"elementor elementor-2548\" data-elementor-post-type=\"page\">\n\t\t\t\t\t\t<section class=\"elementor-section elementor-top-section elementor-element elementor-element-4f0c115 elementor-section-boxed elementor-section-height-default elementor-section-height-default\" data-id=\"4f0c115\" data-element_type=\"section\" data-e-type=\"section\" data-settings=\"{&quot;background_background&quot;:&quot;classic&quot;}\">\n\t\t\t\t\t\t<div class=\"elementor-container elementor-column-gap-default\">\n\t\t\t\t\t<div class=\"elementor-column elementor-col-100 elementor-top-column elementor-element elementor-element-8f373e7\" data-id=\"8f373e7\" data-element_type=\"column\" data-e-type=\"column\">\n\t\t\t<div class=\"elementor-widget-wrap elementor-element-populated\">\n\t\t\t\t\t\t<div class=\"elementor-element elementor-element-a57d00a elementor-widget elementor-widget-heading\" data-id=\"a57d00a\" data-element_type=\"widget\" data-e-type=\"widget\" data-widget_type=\"heading.default\">\n\t\t\t\t<div class=\"elementor-widget-container\">\n\t\t\t\t\t<h2 class=\"elementor-heading-title elementor-size-default\">Bienenstich-Eis <\/h2>\t\t\t\t<\/div>\n\t\t\t\t<\/div>\n\t\t\t\t<div class=\"elementor-element elementor-element-1648e9e elementor-widget elementor-widget-text-editor\" data-id=\"1648e9e\" data-element_type=\"widget\" data-e-type=\"widget\" data-widget_type=\"text-editor.default\">\n\t\t\t\t<div class=\"elementor-widget-container\">\n\t\t\t\t\t\t\t\t\t<h4><span style=\"text-decoration: underline;\"><em><img fetchpriority=\"high\" decoding=\"async\" class=\" wp-image-2553 alignleft\" src=\"https:\/\/xn--hw-kppers-t9a.de\/wp-content\/uploads\/2024\/10\/Bie-300x191.jpg\" alt=\"\" width=\"745\" height=\"474\" srcset=\"https:\/\/xn--hw-kppers-t9a.de\/wp-content\/uploads\/2024\/10\/Bie-300x191.jpg 300w, https:\/\/xn--hw-kppers-t9a.de\/wp-content\/uploads\/2024\/10\/Bie-768x489.jpg 768w, https:\/\/xn--hw-kppers-t9a.de\/wp-content\/uploads\/2024\/10\/Bie.jpg 1018w\" sizes=\"(max-width: 745px) 100vw, 745px\" \/>Bienenstich-Honig-Eis<\/em><\/span><\/h4><h4>Rezept reicht f\u00fcr: ca. 850 ml Eismasse<\/h4><h4>Bienenstich mit Honig in Eisform.<\/h4><h4><span style=\"text-decoration: underline;\"><em>Zutaten<\/em><\/span><\/h4><h4>50 g Butter<\/h4><h4>70 g Zucker<\/h4><h4>2 EL Honig<\/h4><h4>2 EL Sahne<\/h4><h4>100 g Mandelbl\u00e4ttchen<\/h4><h4>250 g Milch<\/h4><h4>250 g Sahne<\/h4><h4>125 g Kondensmilch, 10%<\/h4><h4>120 g Honig<\/h4><h4>40 g Traubenzucker<\/h4><h4>2 EL Magermilchpulver<\/h4><h4>1 Msp Johannisbrotkernmehl<\/h4><h4><span style=\"text-decoration: underline;\"><em>Zubereitung<\/em><\/span><\/h4><h4>Butter, Zucker, Honig und Sahne in einen Topf geben und zum Kochen bringen.<\/h4><h4>Mandelbl\u00e4ttchen unterr\u00fchren und die Masse etwas abk\u00fchlen lassen.<\/h4><h4>Backofen auf 180\u00b0C vorheizen.<\/h4><h4>Backblech mit Backpapier belegen.<\/h4><h4>Mandelmasse auf dem vorbereiteten Backblech verteilen und ca. 7 Minuten backen. Die Mandelmasse sollte goldgelb sein.<\/h4><h4>Mandelmasse ausk\u00fchlen lassen und zerkr\u00fcmeln.<\/h4><h4>Milch, Sahne und Kondensmilch in einen ausreichend gro\u00dfen Beh\u00e4lter geben.<\/h4><h4>Honig und Traubenzucker hinzuf\u00fcgen und mit einem Stabmixer vermixen.<\/h4><h4>Magermilchpulver und Johannisbrotkernmehl hinzuf\u00fcgen und erneut verquirlen.<\/h4><h4>Eismasse mindestens 60 Minuten (oder \u00fcber Nacht) im K\u00fchlschrank reifen lassen.<\/h4><h4>Eismasse erneut mit dem Stabmixer verquirlen.<\/h4><h4>Eismasse in die Eismaschine geben und gefrieren lassen.<\/h4><h4>Wenn die Eismasse gefroren ist der Mandelkr\u00fcmel unter die Eismasse r\u00fchren und Eismasse in eine Dose f\u00fcllen.<\/h4><h4>Restliche Mandelkr\u00fcmel dar\u00fcber verteilen.<\/h4><h4>Eismasse etwas nachgefrieren lassen..<\/h4>\t\t\t\t\t\t\t\t<\/div>\n\t\t\t\t<\/div>\n\t\t\t\t\t<\/div>\n\t\t<\/div>\n\t\t\t\t\t<\/div>\n\t\t<\/section>\n\t\t\t\t<\/div>\n\t\t","protected":false},"excerpt":{"rendered":"<p>Bienenstich-Eis Bienenstich-Honig-Eis Rezept reicht f\u00fcr: ca. 850 ml Eismasse Bienenstich mit Honig in Eisform. Zutaten 50 g Butter 70 g Zucker 2 EL Honig 2 EL Sahne 100 g Mandelbl\u00e4ttchen 250 g Milch 250 g Sahne 125 g Kondensmilch, 10% 120 g Honig 40 g Traubenzucker 2 EL Magermilchpulver 1 Msp Johannisbrotkernmehl Zubereitung Butter, Zucker, [&hellip;]<\/p>\n","protected":false},"author":1,"featured_media":0,"parent":0,"menu_order":0,"comment_status":"closed","ping_status":"closed","template":"","meta":{"footnotes":""},"class_list":["post-2548","page","type-page","status-publish","hentry"],"_links":{"self":[{"href":"https:\/\/xn--hw-kppers-t9a.de\/index.php?rest_route=\/wp\/v2\/pages\/2548","targetHints":{"allow":["GET"]}}],"collection":[{"href":"https:\/\/xn--hw-kppers-t9a.de\/index.php?rest_route=\/wp\/v2\/pages"}],"about":[{"href":"https:\/\/xn--hw-kppers-t9a.de\/index.php?rest_route=\/wp\/v2\/types\/page"}],"author":[{"embeddable":true,"href":"https:\/\/xn--hw-kppers-t9a.de\/index.php?rest_route=\/wp\/v2\/users\/1"}],"replies":[{"embeddable":true,"href":"https:\/\/xn--hw-kppers-t9a.de\/index.php?rest_route=%2Fwp%2Fv2%2Fcomments&post=2548"}],"version-history":[{"count":10,"href":"https:\/\/xn--hw-kppers-t9a.de\/index.php?rest_route=\/wp\/v2\/pages\/2548\/revisions"}],"predecessor-version":[{"id":2560,"href":"https:\/\/xn--hw-kppers-t9a.de\/index.php?rest_route=\/wp\/v2\/pages\/2548\/revisions\/2560"}],"wp:attachment":[{"href":"https:\/\/xn--hw-kppers-t9a.de\/index.php?rest_route=%2Fwp%2Fv2%2Fmedia&parent=2548"}],"curies":[{"name":"wp","href":"https:\/\/api.w.org\/{rel}","templated":true}]}}