{"id":2521,"date":"2024-10-13T11:52:22","date_gmt":"2024-10-13T11:52:22","guid":{"rendered":"https:\/\/xn--hw-kppers-t9a.de\/?page_id=2521"},"modified":"2024-10-13T11:59:05","modified_gmt":"2024-10-13T11:59:05","slug":"orangeneis","status":"publish","type":"page","link":"https:\/\/xn--hw-kppers-t9a.de\/?page_id=2521","title":{"rendered":"Orangeneis"},"content":{"rendered":"\t\t<div data-elementor-type=\"wp-page\" data-elementor-id=\"2521\" class=\"elementor elementor-2521\" data-elementor-post-type=\"page\">\n\t\t\t\t\t\t<section class=\"elementor-section elementor-top-section elementor-element elementor-element-a00edf3 elementor-section-boxed elementor-section-height-default elementor-section-height-default\" data-id=\"a00edf3\" data-element_type=\"section\" data-e-type=\"section\" data-settings=\"{&quot;background_background&quot;:&quot;classic&quot;}\">\n\t\t\t\t\t\t<div class=\"elementor-container elementor-column-gap-default\">\n\t\t\t\t\t<div class=\"elementor-column elementor-col-100 elementor-top-column elementor-element elementor-element-372e094\" data-id=\"372e094\" data-element_type=\"column\" data-e-type=\"column\">\n\t\t\t<div class=\"elementor-widget-wrap elementor-element-populated\">\n\t\t\t\t\t\t<div class=\"elementor-element elementor-element-3e4cb0d elementor-widget elementor-widget-heading\" data-id=\"3e4cb0d\" data-element_type=\"widget\" data-e-type=\"widget\" data-widget_type=\"heading.default\">\n\t\t\t\t<div class=\"elementor-widget-container\">\n\t\t\t\t\t<h2 class=\"elementor-heading-title elementor-size-default\">Orangeneis<\/h2>\t\t\t\t<\/div>\n\t\t\t\t<\/div>\n\t\t\t\t<div class=\"elementor-element elementor-element-9cfff78 elementor-widget elementor-widget-text-editor\" data-id=\"9cfff78\" data-element_type=\"widget\" data-e-type=\"widget\" data-widget_type=\"text-editor.default\">\n\t\t\t\t<div class=\"elementor-widget-container\">\n\t\t\t\t\t\t\t\t\t<h4><span style=\"text-decoration: underline;\"><em><span style=\"color: #ff6600;\"><strong><img fetchpriority=\"high\" decoding=\"async\" class=\" wp-image-2526 alignleft\" src=\"https:\/\/xn--hw-kppers-t9a.de\/wp-content\/uploads\/2024\/10\/Ora-300x300.jpg\" alt=\"\" width=\"574\" height=\"574\" srcset=\"https:\/\/xn--hw-kppers-t9a.de\/wp-content\/uploads\/2024\/10\/Ora-300x300.jpg 300w, https:\/\/xn--hw-kppers-t9a.de\/wp-content\/uploads\/2024\/10\/Ora-150x150.jpg 150w, https:\/\/xn--hw-kppers-t9a.de\/wp-content\/uploads\/2024\/10\/Ora-768x768.jpg 768w, https:\/\/xn--hw-kppers-t9a.de\/wp-content\/uploads\/2024\/10\/Ora.jpg 960w\" sizes=\"(max-width: 574px) 100vw, 574px\" \/>Orangeneis mit Sahnejoghurt<\/strong><\/span><\/em><\/span><\/h4><h4><strong>Fertig in\u00a0<\/strong><strong>40 Minuten plus Gefrierzeit<\/strong><\/h4><h4><strong>einfach<\/strong><\/h4><h4><strong>\u00a0<\/strong><\/h4><h4><strong>Pro Portion<\/strong><\/h4><h4><strong>\u00a0<\/strong><strong>Energie: 155 kcal, Kohlenhydrate: 22 g, Eiwei\u00df: 3 g, Fett: 4 g<\/strong><\/h4><h4><strong>\u00a0<\/strong><\/h4><h4><span style=\"text-decoration: underline;\"><em><strong>Zutaten F\u00fcr 4 Portionen:<\/strong><\/em><\/span><\/h4><h4><strong>7 Orangen<\/strong><\/h4><h4><strong>1 Bio-Orange<\/strong><\/h4><h4><strong>150 g Sahnejoghurt<\/strong><\/h4><h4><strong>1 El Zucker (z. B. Kokosbl\u00fctenzucker)<\/strong><\/h4><h4><strong>\u00a0<\/strong><\/h4><h4><span style=\"text-decoration: underline;\"><em><strong>Zubereitung:<\/strong><\/em><\/span><\/h4><h4><strong>\u00a05 Orangen mit einem scharfen Messer so sch\u00e4len, dass die wei\u00dfe Haut vollst\u00e4ndig entfernt wird. \u00dcber einer Sch\u00fcssel die Fruchtfilets zwischen den Trennh\u00e4uten herausschneiden. Orangenh\u00e4ute mit den H\u00e4nden kr\u00e4ftig auspressen. Fruchtfilets m\u00f6glichst nebeneinanderliegend mit dem ausgetretenen Saft in einen Gefrierbeutel geben, gut verschlie\u00dfen und mind. 5 Std. einfrieren.<\/strong><\/h4><h4><strong>\u00a0Die Schale von der Bio-Orange fein abreiben, Bio-Orange in Scheiben schneiden. Von 1\u20132 Orangen 50 ml Saft auspressen. Orangenschale und -saft mit Joghurt und Zucker verr\u00fchren.<\/strong><\/h4><h4><strong>\u00a0Gefrorene Orangenfilets in ein hohes Gef\u00e4\u00df oder in eine K\u00fcchenmaschine geben. 5 Min. antauen lassen. Joghurtmischung zugeben und alles mit dem Schneidstab oder in der K\u00fcchenmaschine p\u00fcrieren, bis eine cremige Eismasse entsteht. Am besten in eisgek\u00fchlten Sch\u00e4lchen servieren. Mit Orangenscheiben<\/strong><\/h4>\t\t\t\t\t\t\t\t<\/div>\n\t\t\t\t<\/div>\n\t\t\t\t\t<\/div>\n\t\t<\/div>\n\t\t\t\t\t<\/div>\n\t\t<\/section>\n\t\t\t\t<\/div>\n\t\t","protected":false},"excerpt":{"rendered":"<p>Orangeneis Orangeneis mit Sahnejoghurt Fertig in\u00a040 Minuten plus Gefrierzeit einfach \u00a0 Pro Portion \u00a0Energie: 155 kcal, Kohlenhydrate: 22 g, Eiwei\u00df: 3 g, Fett: 4 g \u00a0 Zutaten F\u00fcr 4 Portionen: 7 Orangen 1 Bio-Orange 150 g Sahnejoghurt 1 El Zucker (z. B. Kokosbl\u00fctenzucker) \u00a0 Zubereitung: \u00a05 Orangen mit einem scharfen Messer so sch\u00e4len, dass die [&hellip;]<\/p>\n","protected":false},"author":1,"featured_media":0,"parent":0,"menu_order":0,"comment_status":"closed","ping_status":"closed","template":"","meta":{"footnotes":""},"class_list":["post-2521","page","type-page","status-publish","hentry"],"_links":{"self":[{"href":"https:\/\/xn--hw-kppers-t9a.de\/index.php?rest_route=\/wp\/v2\/pages\/2521","targetHints":{"allow":["GET"]}}],"collection":[{"href":"https:\/\/xn--hw-kppers-t9a.de\/index.php?rest_route=\/wp\/v2\/pages"}],"about":[{"href":"https:\/\/xn--hw-kppers-t9a.de\/index.php?rest_route=\/wp\/v2\/types\/page"}],"author":[{"embeddable":true,"href":"https:\/\/xn--hw-kppers-t9a.de\/index.php?rest_route=\/wp\/v2\/users\/1"}],"replies":[{"embeddable":true,"href":"https:\/\/xn--hw-kppers-t9a.de\/index.php?rest_route=%2Fwp%2Fv2%2Fcomments&post=2521"}],"version-history":[{"count":10,"href":"https:\/\/xn--hw-kppers-t9a.de\/index.php?rest_route=\/wp\/v2\/pages\/2521\/revisions"}],"predecessor-version":[{"id":2533,"href":"https:\/\/xn--hw-kppers-t9a.de\/index.php?rest_route=\/wp\/v2\/pages\/2521\/revisions\/2533"}],"wp:attachment":[{"href":"https:\/\/xn--hw-kppers-t9a.de\/index.php?rest_route=%2Fwp%2Fv2%2Fmedia&parent=2521"}],"curies":[{"name":"wp","href":"https:\/\/api.w.org\/{rel}","templated":true}]}}