{"id":1838,"date":"2024-10-11T10:20:01","date_gmt":"2024-10-11T10:20:01","guid":{"rendered":"https:\/\/xn--hw-kppers-t9a.de\/?page_id=1838"},"modified":"2024-10-11T10:29:46","modified_gmt":"2024-10-11T10:29:46","slug":"geschichtestes-fleisch","status":"publish","type":"page","link":"https:\/\/xn--hw-kppers-t9a.de\/?page_id=1838","title":{"rendered":"Geschichtestes Fleisch"},"content":{"rendered":"\t\t<div data-elementor-type=\"wp-page\" data-elementor-id=\"1838\" class=\"elementor elementor-1838\" data-elementor-post-type=\"page\">\n\t\t\t\t\t\t<section class=\"elementor-section elementor-top-section elementor-element elementor-element-5f245b4 elementor-section-full_width elementor-section-height-default elementor-section-height-default\" data-id=\"5f245b4\" data-element_type=\"section\" data-e-type=\"section\" data-settings=\"{&quot;background_background&quot;:&quot;classic&quot;}\">\n\t\t\t\t\t\t<div class=\"elementor-container elementor-column-gap-default\">\n\t\t\t\t\t<div class=\"elementor-column elementor-col-100 elementor-top-column elementor-element elementor-element-2270ad8\" data-id=\"2270ad8\" data-element_type=\"column\" data-e-type=\"column\">\n\t\t\t<div class=\"elementor-widget-wrap elementor-element-populated\">\n\t\t\t\t\t\t<div class=\"elementor-element elementor-element-e602d91 elementor-widget elementor-widget-heading\" data-id=\"e602d91\" data-element_type=\"widget\" data-e-type=\"widget\" data-widget_type=\"heading.default\">\n\t\t\t\t<div class=\"elementor-widget-container\">\n\t\t\t\t\t<h2 class=\"elementor-heading-title elementor-size-default\">Geschichtetes Fleisch<\/h2>\t\t\t\t<\/div>\n\t\t\t\t<\/div>\n\t\t\t\t<div class=\"elementor-element elementor-element-fde474e elementor-widget elementor-widget-text-editor\" data-id=\"fde474e\" data-element_type=\"widget\" data-e-type=\"widget\" data-widget_type=\"text-editor.default\">\n\t\t\t\t<div class=\"elementor-widget-container\">\n\t\t\t\t\t\t\t\t\t<h4><img fetchpriority=\"high\" decoding=\"async\" class=\" wp-image-1841 alignleft\" src=\"https:\/\/xn--hw-kppers-t9a.de\/wp-content\/uploads\/2024\/10\/geschichtetes-fleisch-300x225.jpg\" alt=\"\" width=\"467\" height=\"351\" srcset=\"https:\/\/xn--hw-kppers-t9a.de\/wp-content\/uploads\/2024\/10\/geschichtetes-fleisch-300x225.jpg 300w, https:\/\/xn--hw-kppers-t9a.de\/wp-content\/uploads\/2024\/10\/geschichtetes-fleisch.jpg 600w\" sizes=\"(max-width: 467px) 100vw, 467px\" \/>Zutaten:<\/h4><h4>1 kg Gulasch<\/h4><h4>500 g Hackfleisch gemischt<\/h4><h4>500 g Zwiebeln<\/h4><h4>500 g Pilze<\/h4><h4>1 Glas Zigeunerso\u00dfe<\/h4><h4>1 Glas Schaschlik-Grillso\u00dfe<\/h4><h4>400 g s\u00fc\u00dfe Sahne<\/h4><h4>Zubereitung:<\/h4><div class=\"color-bar\" data-v-6f13876a=\"\">\u00a0<\/div><div class=\"dl-wrapper\" data-v-6f13876a=\"\"><div data-v-6f13876a=\"\"><dl class=\"preparationTime\" data-v-6f13876a=\"\"><dt data-v-6f13876a=\"\">Vorbereitung:<\/dt><dd data-v-6f13876a=\"\">15 Min<\/dd><\/dl><dl class=\"cookingTime\" data-v-6f13876a=\"\"><dt data-v-6f13876a=\"\">Garzeit:<\/dt><dd data-v-6f13876a=\"\">2 Std<\/dd><\/dl><\/div><div class=\"text-right\" data-v-6f13876a=\"\">Gesamtzeit:<br data-v-6f13876a=\"\" \/><strong data-v-6f13876a=\"\">2 Std 15 Min<\/strong><\/div><\/div><ul class=\"\"><li data-v-067dc4a3=\"\"><h4><strong data-v-067dc4a3=\"\">1.<\/strong><span data-v-067dc4a3=\"\">Einen gro\u00dfen Br\u00e4ter fetten. Gulasch einlegen und Hackfleisch dar\u00fcber kr\u00fcmeln. Pilze, entweder frisch oder Konserve (abgetropft) dazugeben, zum Schlu\u00df die Zwiebelringe darauf verteilen.<\/span><\/h4><h4><strong data-v-067dc4a3=\"\">2.<\/strong><span data-v-067dc4a3=\"\">Die So\u00dfen und die Sahne in einem Gef\u00e4\u00df vermengen und danach \u00fcber das Fleisch geben. Bei 175\u00b0C in der R\u00f6hre 2 Stunden garen lassen, die letzte halbe Stunde ohne Deckel.<\/span><\/h4><div class=\"creator-wrapper tablet-landscape:row-span-2 tablet-landscape:ml-auto\" data-v-7067fb83=\"\"><h4 class=\"creator-data\">\u00a0<\/h4><\/div><\/li><\/ul>\t\t\t\t\t\t\t\t<\/div>\n\t\t\t\t<\/div>\n\t\t\t\t<div class=\"elementor-element elementor-element-e7fcf9f elementor-widget elementor-widget-spacer\" data-id=\"e7fcf9f\" data-element_type=\"widget\" data-e-type=\"widget\" data-widget_type=\"spacer.default\">\n\t\t\t\t<div class=\"elementor-widget-container\">\n\t\t\t\t\t\t\t<div class=\"elementor-spacer\">\n\t\t\t<div class=\"elementor-spacer-inner\"><\/div>\n\t\t<\/div>\n\t\t\t\t\t\t<\/div>\n\t\t\t\t<\/div>\n\t\t\t\t\t<\/div>\n\t\t<\/div>\n\t\t\t\t\t<\/div>\n\t\t<\/section>\n\t\t\t\t<\/div>\n\t\t","protected":false},"excerpt":{"rendered":"<p>Geschichtetes Fleisch Zutaten: 1 kg Gulasch 500 g Hackfleisch gemischt 500 g Zwiebeln 500 g Pilze 1 Glas Zigeunerso\u00dfe 1 Glas Schaschlik-Grillso\u00dfe 400 g s\u00fc\u00dfe Sahne Zubereitung: \u00a0 Vorbereitung: 15 Min Garzeit: 2 Std Gesamtzeit:2 Std 15 Min 1.Einen gro\u00dfen Br\u00e4ter fetten. Gulasch einlegen und Hackfleisch dar\u00fcber kr\u00fcmeln. Pilze, entweder frisch oder Konserve (abgetropft) dazugeben, [&hellip;]<\/p>\n","protected":false},"author":1,"featured_media":0,"parent":0,"menu_order":0,"comment_status":"closed","ping_status":"closed","template":"","meta":{"footnotes":""},"class_list":["post-1838","page","type-page","status-publish","hentry"],"_links":{"self":[{"href":"https:\/\/xn--hw-kppers-t9a.de\/index.php?rest_route=\/wp\/v2\/pages\/1838","targetHints":{"allow":["GET"]}}],"collection":[{"href":"https:\/\/xn--hw-kppers-t9a.de\/index.php?rest_route=\/wp\/v2\/pages"}],"about":[{"href":"https:\/\/xn--hw-kppers-t9a.de\/index.php?rest_route=\/wp\/v2\/types\/page"}],"author":[{"embeddable":true,"href":"https:\/\/xn--hw-kppers-t9a.de\/index.php?rest_route=\/wp\/v2\/users\/1"}],"replies":[{"embeddable":true,"href":"https:\/\/xn--hw-kppers-t9a.de\/index.php?rest_route=%2Fwp%2Fv2%2Fcomments&post=1838"}],"version-history":[{"count":4,"href":"https:\/\/xn--hw-kppers-t9a.de\/index.php?rest_route=\/wp\/v2\/pages\/1838\/revisions"}],"predecessor-version":[{"id":1844,"href":"https:\/\/xn--hw-kppers-t9a.de\/index.php?rest_route=\/wp\/v2\/pages\/1838\/revisions\/1844"}],"wp:attachment":[{"href":"https:\/\/xn--hw-kppers-t9a.de\/index.php?rest_route=%2Fwp%2Fv2%2Fmedia&parent=1838"}],"curies":[{"name":"wp","href":"https:\/\/api.w.org\/{rel}","templated":true}]}}