{"id":1793,"date":"2024-10-11T09:25:24","date_gmt":"2024-10-11T09:25:24","guid":{"rendered":"https:\/\/xn--hw-kppers-t9a.de\/?page_id=1793"},"modified":"2024-10-11T09:48:27","modified_gmt":"2024-10-11T09:48:27","slug":"gefuellte-zucchini-mit-hackfleisch","status":"publish","type":"page","link":"https:\/\/xn--hw-kppers-t9a.de\/?page_id=1793","title":{"rendered":"Gef\u00fcllte Zucchini mit Hackfleisch"},"content":{"rendered":"\t\t<div data-elementor-type=\"wp-page\" data-elementor-id=\"1793\" class=\"elementor elementor-1793\" data-elementor-post-type=\"page\">\n\t\t\t\t\t\t<section class=\"elementor-section elementor-top-section elementor-element elementor-element-a456cca elementor-section-full_width elementor-section-height-default elementor-section-height-default\" data-id=\"a456cca\" data-element_type=\"section\" data-e-type=\"section\">\n\t\t\t\t\t\t\t<div class=\"elementor-background-overlay\"><\/div>\n\t\t\t\t\t\t\t<div class=\"elementor-container elementor-column-gap-default\">\n\t\t\t\t\t<div class=\"elementor-column elementor-col-100 elementor-top-column elementor-element elementor-element-c8317d0\" data-id=\"c8317d0\" data-element_type=\"column\" data-e-type=\"column\">\n\t\t\t<div class=\"elementor-widget-wrap elementor-element-populated\">\n\t\t\t\t\t\t<div class=\"elementor-element elementor-element-11422af elementor-widget elementor-widget-heading\" data-id=\"11422af\" data-element_type=\"widget\" data-e-type=\"widget\" data-widget_type=\"heading.default\">\n\t\t\t\t<div class=\"elementor-widget-container\">\n\t\t\t\t\t<h2 class=\"elementor-heading-title elementor-size-default\">Gef\u00fcllte Zucchini mit Hackfleisch<\/h2>\t\t\t\t<\/div>\n\t\t\t\t<\/div>\n\t\t\t\t<div class=\"elementor-element elementor-element-0bfec3d elementor-widget elementor-widget-text-editor\" data-id=\"0bfec3d\" data-element_type=\"widget\" data-e-type=\"widget\" data-widget_type=\"text-editor.default\">\n\t\t\t\t<div class=\"elementor-widget-container\">\n\t\t\t\t\t\t\t\t\t<h4><strong><img fetchpriority=\"high\" decoding=\"async\" class=\"wp-image-1796 alignleft\" src=\"https:\/\/xn--hw-kppers-t9a.de\/wp-content\/uploads\/2024\/10\/Ablauf-Gefuellte-Zucchini-mit-Hackfleisch-9.webp\" alt=\"\" width=\"702\" height=\"468\" \/>4<\/strong><strong>\u00a0St\u00fcck\u00a0Zucchini, mittelgro\u00df\u00a0&#8211;\u00a0ca. 15 bis 20 cm lang<\/strong><\/h4><h4><strong> \u25a2 <\/strong><strong>500<\/strong><strong>\u00a0g\u00a0Rinderhackfleisch\u00a0&#8211;\u00a0gerne Bio<\/strong><\/h4><h4><strong> \u25a2 <\/strong><strong>400<\/strong><strong>\u00a0g\u00a0Tomaten, passiert\u00a0&#8211;\u00a0Dose, Flasche oder Tetra Pak<\/strong><\/h4><h4><strong> \u25a2 <\/strong><strong>200<\/strong><strong>\u00a0g\u00a0Gouda, gerieben\u00a0&#8211;\u00a0alternativ Cheddar-K\u00e4se oder K\u00e4se nach Wahl<\/strong><\/h4><h4><strong> \u25a2 <\/strong><strong>2<\/strong><strong>\u00a0Zehen\u00a0Knoblauch<\/strong><\/h4><h4><strong> \u25a2 <\/strong><strong>1<\/strong><strong>\u00a0Zwiebel, mittelgro\u00df<\/strong><\/h4><h4><strong> \u25a2 <\/strong><strong>2<\/strong><strong>\u00a0EL\u00a0Tomatenmark<\/strong><\/h4><h4><strong> \u25a2 <\/strong><strong>2<\/strong><strong>\u00a0EL\u00a0Cr\u00e8me Fra\u00eeche<\/strong><\/h4><h4><strong> \u25a2 <\/strong><strong>2<\/strong><strong>\u00a0EL\u00a0Oliven\u00f6l<\/strong><\/h4><h4><strong> \u25a2 <\/strong><strong>1<\/strong><strong>\u00a0TL\u00a0Paprikapulver, mild<\/strong><\/h4><h4><strong> \u25a2 <\/strong><strong>0,5<\/strong><strong>\u00a0TL\u00a0Salz<\/strong><\/h4><h4><strong> \u25a2 <\/strong><strong>1,5<\/strong><strong>\u00a0TL\u00a0Oregano\u00a0&#8211;\u00a0Trockengew\u00fcrz<\/strong><\/h4><h4><strong> \u25a2 <\/strong><strong>1<\/strong><strong>\u00a0Prise\u00a0Zucker<\/strong><\/h4><h4>\u00a0<\/h4><h4><strong>ANLEITUNG<\/strong><\/h4><ol start=\"7\"><li><h4>Als erstes heizt Du den\u00a0<strong>Backofen<\/strong>auf<strong>\u00a0180 \u00b0C Umluft\u00a0<\/strong><\/h4><\/li><li><h4>Dann w\u00e4schst Du die 4 mittelgro\u00dfen\u00a0<strong>Zucchini<\/strong>,\u00a0<strong>halbierst<\/strong>sie<img decoding=\"async\" class=\" wp-image-1797 alignright\" src=\"https:\/\/xn--hw-kppers-t9a.de\/wp-content\/uploads\/2024\/10\/Ablauf-Gefuellte-Zucchini-mit-Hackfleisch-1.webp\" alt=\"\" width=\"335\" height=\"223\" \/> und\u00a0<strong>h\u00f6hlst<\/strong>\u00a0sie mit einem Tee- oder Essl\u00f6ffel aus.<\/h4><\/li><li><h4><img decoding=\"async\" class=\" wp-image-1798 alignleft\" src=\"https:\/\/xn--hw-kppers-t9a.de\/wp-content\/uploads\/2024\/10\/Ablauf-Gefuellte-Zucchini-mit-Hackfleisch-2.webp\" alt=\"\" width=\"353\" height=\"235\" \/>Das\u00a0<strong>Fruchtfleisch<\/strong>der\u00a0<strong>Zucchini<\/strong>\u00a0hackst Du klein. Die 1\u00a0<strong>Zwiebel<\/strong>\u00a0sch\u00e4lst Du und schneidest sie in kleine\u00a0<strong>W\u00fcrfel<\/strong>.<\/h4><\/li><li><h4>Inzwischen erhitzt Du in einer gro\u00dfen Pfanne 2 EL\u00a0<strong>Oliven\u00f6l<\/strong>und l\u00e4sst darin die Zwiebeln\u00a0<strong>glasig<\/strong>\u00a0d\u00fcnsten.<img loading=\"lazy\" decoding=\"async\" class=\" wp-image-1799 alignright\" src=\"https:\/\/xn--hw-kppers-t9a.de\/wp-content\/uploads\/2024\/10\/Ablauf-Gefuellte-Zucchini-mit-Hackfleisch-3.webp\" alt=\"\" width=\"327\" height=\"218\" \/> Den\u00a0<strong>Knoblauch<\/strong>\u00a0sch\u00e4lst Du und presst ihn mit einer Knoblauchzehe am Schluss in die Pfanne und l\u00e4sst ihn ganz kurz mit d\u00fcnsten bis er duftet.<\/h4><\/li><li><h4><img loading=\"lazy\" decoding=\"async\" class=\" wp-image-1800 alignleft\" src=\"https:\/\/xn--hw-kppers-t9a.de\/wp-content\/uploads\/2024\/10\/Ablauf-Gefuellte-Zucchini-mit-Hackfleisch-4.webp\" alt=\"\" width=\"338\" height=\"225\" \/>Im Anschluss gibst Du die 500 g\u00a0<strong>Rinderhackfleisch<\/strong>in die Pfanne, w\u00fcrzt mit 1 TL\u00a0<strong>Paprikapulver<\/strong>\u00a0und 0,5 TL\u00a0<strong>Salz<\/strong>\u00a0und br\u00e4tst es kr\u00fcmelig an.<\/h4><\/li><li><h4>Danach gibst Du das\u00a0<strong>Zucchini<\/strong>&#8211;<strong>Fruchtfleisch<\/strong>sowie 2<img loading=\"lazy\" decoding=\"async\" class=\" wp-image-1801 alignright\" src=\"https:\/\/xn--hw-kppers-t9a.de\/wp-content\/uploads\/2024\/10\/Ablauf-Gefuellte-Zucchini-mit-Hackfleisch-5.webp\" alt=\"\" width=\"341\" height=\"227\" \/> EL\u00a0<strong>Tomatenmark<\/strong>\u00a0hinein und l\u00e4sst beides kurz\u00a0<strong>mit anr\u00f6sten<\/strong>.<\/h4><\/li><li><h4><img loading=\"lazy\" decoding=\"async\" class=\" wp-image-1802 alignleft\" src=\"https:\/\/xn--hw-kppers-t9a.de\/wp-content\/uploads\/2024\/10\/Ablauf-Gefuellte-Zucchini-mit-Hackfleisch-6.webp\" alt=\"\" width=\"344\" height=\"229\" \/>Jetzt r\u00fchrst Du unter die Masse die 400 g\u00a0<strong>passierten Tomaten<\/strong>, 1,5 TL\u00a0<strong>Oregano<\/strong>Trockengew\u00fcrz sowie 1 gute Prise\u00a0<strong>Zucker<\/strong>. Kurz aufkochen lassen und nach Belieben weiter abschmecken.<\/h4><\/li><li><h4>Die ausgeh\u00f6hlten\u00a0<strong>Zucchini<\/strong>legst Du auf ein mit Backpapier ausgelegtes Backblech\u00a0<u>ODER<\/u>\u00a0verteilst sie in leicht<img loading=\"lazy\" decoding=\"async\" class=\" wp-image-1803 alignright\" src=\"https:\/\/xn--hw-kppers-t9a.de\/wp-content\/uploads\/2024\/10\/Ablauf-Gefuellte-Zucchini-mit-Hackfleisch-7.webp\" alt=\"\" width=\"299\" height=\"199\" \/> einge\u00f6lten\u00a0\u00a0Zuerst bef\u00fcllst Du die H\u00e4lften mit der\u00a0<strong>Hackmasse<\/strong>\u00a0und verteilst dann ein paar Kleckse\u00a0<strong>Cr\u00e8me Fra\u00eeche<\/strong>\u00a0darauf. Jetzt gibst Du sie f\u00fcr\u00a0<strong>15 Minuten<\/strong>\u00a0auf der mittleren Schiene in den\u00a0<strong>Backofen<\/strong>.<\/h4><\/li><\/ol><h4><strong><em>TIPP:\u00a0<\/em><\/strong><em>Wenn Du etwas Hackmasse \u00fcbrig hast, einfach f\u00fcr den n\u00e4chsten Tag aufbewahren. Schmeckt ganz toll zu Nudeln.<\/em><\/h4><ol start=\"9\"><li><h4><img loading=\"lazy\" decoding=\"async\" class=\" wp-image-1804 alignleft\" src=\"https:\/\/xn--hw-kppers-t9a.de\/wp-content\/uploads\/2024\/10\/Ablauf-Gefuellte-Zucchini-mit-Hackfleisch-8.webp\" alt=\"\" width=\"326\" height=\"217\" \/>Nach Ablauf der 15 Minuten streust Du auf die gef\u00fcllten\u00a0<strong>Zucchini-Schiffchen<\/strong>geriebenen\u00a0<strong>Gouda-K\u00e4se<\/strong>\u00a0und l\u00e4sst sie weitere\u00a0<strong>10 Minuten<\/strong>\u00a0zu Ende backen bzw. bis der K\u00e4se geschmolzen ist und die gew\u00fcnschte Br\u00e4une erreicht hat.<\/h4><\/li><li><h4>Die gef\u00fcllten Zucchini direkt\u00a0<strong>warm<\/strong>servieren und genie\u00dfen.<\/h4><\/li><li><h4>Ich w\u00fcnsche Dir mit meinem Zucchini Rezept viel Freude und einen\u00a0<strong>guten Appetit<\/strong>.<img loading=\"lazy\" decoding=\"async\" class=\" wp-image-1805 aligncenter\" src=\"https:\/\/xn--hw-kppers-t9a.de\/wp-content\/uploads\/2024\/10\/Ablauf-Gefuellte-Zucchini-mit-Hackfleisch-9-1.webp\" alt=\"\" width=\"493\" height=\"328\" \/><\/h4><\/li><\/ol><h4>\u00a0<\/h4>\t\t\t\t\t\t\t\t<\/div>\n\t\t\t\t<\/div>\n\t\t\t\t\t<\/div>\n\t\t<\/div>\n\t\t\t\t\t<\/div>\n\t\t<\/section>\n\t\t\t\t<\/div>\n\t\t","protected":false},"excerpt":{"rendered":"<p>Gef\u00fcllte Zucchini mit Hackfleisch 4\u00a0St\u00fcck\u00a0Zucchini, mittelgro\u00df\u00a0&#8211;\u00a0ca. 15 bis 20 cm lang \u25a2 500\u00a0g\u00a0Rinderhackfleisch\u00a0&#8211;\u00a0gerne Bio \u25a2 400\u00a0g\u00a0Tomaten, passiert\u00a0&#8211;\u00a0Dose, Flasche oder Tetra Pak \u25a2 200\u00a0g\u00a0Gouda, gerieben\u00a0&#8211;\u00a0alternativ Cheddar-K\u00e4se oder K\u00e4se nach Wahl \u25a2 2\u00a0Zehen\u00a0Knoblauch \u25a2 1\u00a0Zwiebel, mittelgro\u00df \u25a2 2\u00a0EL\u00a0Tomatenmark \u25a2 2\u00a0EL\u00a0Cr\u00e8me Fra\u00eeche \u25a2 2\u00a0EL\u00a0Oliven\u00f6l \u25a2 1\u00a0TL\u00a0Paprikapulver, mild \u25a2 0,5\u00a0TL\u00a0Salz \u25a2 1,5\u00a0TL\u00a0Oregano\u00a0&#8211;\u00a0Trockengew\u00fcrz \u25a2 1\u00a0Prise\u00a0Zucker \u00a0 ANLEITUNG Als erstes heizt [&hellip;]<\/p>\n","protected":false},"author":1,"featured_media":0,"parent":0,"menu_order":0,"comment_status":"closed","ping_status":"closed","template":"","meta":{"footnotes":""},"class_list":["post-1793","page","type-page","status-publish","hentry"],"_links":{"self":[{"href":"https:\/\/xn--hw-kppers-t9a.de\/index.php?rest_route=\/wp\/v2\/pages\/1793","targetHints":{"allow":["GET"]}}],"collection":[{"href":"https:\/\/xn--hw-kppers-t9a.de\/index.php?rest_route=\/wp\/v2\/pages"}],"about":[{"href":"https:\/\/xn--hw-kppers-t9a.de\/index.php?rest_route=\/wp\/v2\/types\/page"}],"author":[{"embeddable":true,"href":"https:\/\/xn--hw-kppers-t9a.de\/index.php?rest_route=\/wp\/v2\/users\/1"}],"replies":[{"embeddable":true,"href":"https:\/\/xn--hw-kppers-t9a.de\/index.php?rest_route=%2Fwp%2Fv2%2Fcomments&post=1793"}],"version-history":[{"count":7,"href":"https:\/\/xn--hw-kppers-t9a.de\/index.php?rest_route=\/wp\/v2\/pages\/1793\/revisions"}],"predecessor-version":[{"id":1813,"href":"https:\/\/xn--hw-kppers-t9a.de\/index.php?rest_route=\/wp\/v2\/pages\/1793\/revisions\/1813"}],"wp:attachment":[{"href":"https:\/\/xn--hw-kppers-t9a.de\/index.php?rest_route=%2Fwp%2Fv2%2Fmedia&parent=1793"}],"curies":[{"name":"wp","href":"https:\/\/api.w.org\/{rel}","templated":true}]}}