{"id":1529,"date":"2023-05-14T16:26:24","date_gmt":"2023-05-14T16:26:24","guid":{"rendered":"https:\/\/xn--hw-kppers-t9a.de\/?page_id=1529"},"modified":"2023-05-14T16:47:38","modified_gmt":"2023-05-14T16:47:38","slug":"himbeer-kaesekuchen","status":"publish","type":"page","link":"https:\/\/xn--hw-kppers-t9a.de\/?page_id=1529","title":{"rendered":"Himbeer-K\u00e4sekuchen"},"content":{"rendered":"\t\t<div data-elementor-type=\"wp-page\" data-elementor-id=\"1529\" class=\"elementor elementor-1529\" data-elementor-post-type=\"page\">\n\t\t\t\t\t\t<section class=\"elementor-section elementor-top-section elementor-element elementor-element-214c3ac elementor-section-boxed elementor-section-height-default elementor-section-height-default\" data-id=\"214c3ac\" data-element_type=\"section\" data-e-type=\"section\">\n\t\t\t\t\t\t\t<div class=\"elementor-background-overlay\"><\/div>\n\t\t\t\t\t\t\t<div class=\"elementor-container elementor-column-gap-default\">\n\t\t\t\t\t<div class=\"elementor-column elementor-col-100 elementor-top-column elementor-element elementor-element-c014434\" data-id=\"c014434\" data-element_type=\"column\" data-e-type=\"column\">\n\t\t\t<div class=\"elementor-widget-wrap elementor-element-populated\">\n\t\t\t\t\t\t<div class=\"elementor-element elementor-element-6d5cb70 elementor-widget elementor-widget-heading\" data-id=\"6d5cb70\" data-element_type=\"widget\" data-e-type=\"widget\" data-widget_type=\"heading.default\">\n\t\t\t\t<div class=\"elementor-widget-container\">\n\t\t\t\t\t<h2 class=\"elementor-heading-title elementor-size-default\">Himbeer-K\u00e4sekuchen<\/h2>\t\t\t\t<\/div>\n\t\t\t\t<\/div>\n\t\t\t\t<div class=\"elementor-element elementor-element-08d3ff3 elementor-widget elementor-widget-text-editor\" data-id=\"08d3ff3\" data-element_type=\"widget\" data-e-type=\"widget\" data-widget_type=\"text-editor.default\">\n\t\t\t\t<div class=\"elementor-widget-container\">\n\t\t\t\t\t\t\t\t\t<p><span style=\"color: #3366ff;\">1 grosse Springform, 28 cm Durchmesser<\/span><\/p><p>400 g Himbeeren tiefgefroren<\/p><p>100 g Zucker<\/p><p>1 P\u00e4ckchen Bourbon-Vanillezucker<\/p><p>1 TL geh\u00e4uft Feine Speisest\u00e4rke<\/p><p>3 EL Zitronensaft<\/p><p><span style=\"color: #3366ff;\">F\u00fcr den Teig:<\/span><\/p><p>150 g Weizenmehl<\/p><p>1 EL Kakaopulver<\/p><p>100 g Zucker<\/p><p>1 P\u00e4ckchen Bourbon-Vanillezucker<\/p><p>100 g weiche Butter<\/p><p><span style=\"color: #3366ff;\">F\u00fcr den Belag:<\/span><\/p><p>500 g Mascarpone<\/p><p>600 g Frischk\u00e4se Doppelrahmstufe<\/p><p>100 g Schlagsahne<\/p><p>5 Stk. Eier Gr\u00f6\u00dfe M<\/p><p>100 g Zucker<\/p><p>50 g Feine Speisest\u00e4rke<\/p><p>1 P\u00e4ckchen Zitronenschale gerieben<\/p><p><img fetchpriority=\"high\" decoding=\"async\" class=\" wp-image-1532 alignleft\" src=\"https:\/\/xn--hw-kppers-t9a.de\/wp-content\/uploads\/2023\/05\/hika1-300x225.jpg\" alt=\"\" width=\"616\" height=\"462\" srcset=\"https:\/\/xn--hw-kppers-t9a.de\/wp-content\/uploads\/2023\/05\/hika1-300x225.jpg 300w, https:\/\/xn--hw-kppers-t9a.de\/wp-content\/uploads\/2023\/05\/hika1-768x576.jpg 768w, https:\/\/xn--hw-kppers-t9a.de\/wp-content\/uploads\/2023\/05\/hika1.jpg 960w\" sizes=\"(max-width: 616px) 100vw, 616px\" \/><\/p><p><span style=\"color: #3366ff;\">ZUBEREITUNG<\/span><\/p><p>F\u00fcr das Himbeermark\u2026.<\/p><p>\u2026. Himbeeren, 100 g Zucker und 1 P\u00e4ckchen Bourbon-Vanillezucker in einen Topf geben und unter R\u00fchren aufkochen. Die Himbeeren durch ein Sieb streichen und zur\u00fcck in den Topf geben. Dann einen geh\u00e4uften TL Speisest\u00e4rke mit Zitronensaft glatt r\u00fchren, mit dem Himbeermark verr\u00fchren und alles unter R\u00fchren aufkochen. Etwas abk\u00fchlen lassen !<\/p><p>2<\/p><p>In der Zwischenzeit den Backofen auf 200 Grad vorheizen und den Boden der Springform gut einfetten.<\/p><p>F\u00fcr den Streuselteig\u2026.<\/p><p>3<\/p><p>\u2026. Weizenmehl mit Kakaopulver in einer R\u00fchrsch\u00fcssel mischen. Dann 100 g Zucker, 1 P\u00e4ckchen Bourbon-Vanillezucker und die weiche Butter hinzuf\u00fcgen und alles mit den R\u00fchrst\u00e4ben des Mixers zuerst auf niedrigster, dann auf h\u00f6chster Stufe zu Streuseln verarbeiten.<\/p><p>4<\/p><p>Den Streuselteig auf dem Springformboden verteilen und mit einem Essl\u00f6ffel zu einem Boden andr\u00fccken.<\/p><p>5<\/p><p>Nun die Springform auf dem Rost in den Backofen schieben (unteres Drittel) und dort bei 200 Grad etwa 10 Minuten backen. Dann den Boden in der Form auf einem Kuchengitter etwas abk\u00fchlen lassen.<\/p><p>F\u00fcr den Belag\u2026..<\/p><p>6<\/p><p>\u2026. K\u00e4sesorten mit Sahne und Eiern mit den R\u00fchrst\u00e4ben des Mixers zun\u00e4chst auf niedrigster, dann auf mittlerer Stufe verr\u00fchren. Dann 100 g Zucker, 50 g Speisest\u00e4rke und Zitronenschale unterr\u00fchren und die Creme auf dem vorgebackenen Boden verteilen.<\/p><p>7<\/p><p>Nun das abgek\u00fchlte Himbeermark darauf geben, mit einer Gabel<img decoding=\"async\" class=\" wp-image-1534 alignright\" src=\"https:\/\/xn--hw-kppers-t9a.de\/wp-content\/uploads\/2023\/05\/hika2-300x225.jpg\" alt=\"\" width=\"479\" height=\"359\" srcset=\"https:\/\/xn--hw-kppers-t9a.de\/wp-content\/uploads\/2023\/05\/hika2-300x225.jpg 300w, https:\/\/xn--hw-kppers-t9a.de\/wp-content\/uploads\/2023\/05\/hika2-1024x768.jpg 1024w, https:\/\/xn--hw-kppers-t9a.de\/wp-content\/uploads\/2023\/05\/hika2-768x576.jpg 768w, https:\/\/xn--hw-kppers-t9a.de\/wp-content\/uploads\/2023\/05\/hika2-1536x1152.jpg 1536w, https:\/\/xn--hw-kppers-t9a.de\/wp-content\/uploads\/2023\/05\/hika2.jpg 1600w\" sizes=\"(max-width: 479px) 100vw, 479px\" \/> marmorieren. Dann im Backofen bei 200 Grad etwa 10 Minuten backen.<\/p><p>8<\/p><p>Nach den 10 Minuten Backzeit die Backofen-Temperatur auf 160 Grad reduzieren und den Kuchen in etwa 45 Minuten fertig backen.<\/p><p>9<\/p><p>Den Kuchen im ausgeschalteten Backofen erkalten lassen. Dabei einen Holzl\u00f6ffel in die Backofent\u00fcr klemmen. Vor dem Servieren die Springform l\u00f6sen hika4und entfernen.<\/p><p>Angaben pro 100 g<img decoding=\"async\" class=\" wp-image-1533 alignleft\" src=\"https:\/\/xn--hw-kppers-t9a.de\/wp-content\/uploads\/2023\/05\/himbeer-kaesekuchen-64181-300x225.jpg\" alt=\"\" width=\"431\" height=\"323\" srcset=\"https:\/\/xn--hw-kppers-t9a.de\/wp-content\/uploads\/2023\/05\/himbeer-kaesekuchen-64181-300x225.jpg 300w, https:\/\/xn--hw-kppers-t9a.de\/wp-content\/uploads\/2023\/05\/himbeer-kaesekuchen-64181-1024x768.jpg 1024w, https:\/\/xn--hw-kppers-t9a.de\/wp-content\/uploads\/2023\/05\/himbeer-kaesekuchen-64181-768x576.jpg 768w, https:\/\/xn--hw-kppers-t9a.de\/wp-content\/uploads\/2023\/05\/himbeer-kaesekuchen-64181-1536x1152.jpg 1536w, https:\/\/xn--hw-kppers-t9a.de\/wp-content\/uploads\/2023\/05\/himbeer-kaesekuchen-64181.jpg 1600w\" sizes=\"(max-width: 431px) 100vw, 431px\" \/><\/p><p>kJ (kcal) 1080 (258)<\/p><p>Eiwei\u00df 4,7 g<\/p><p>Kohlenhydrate 21,9 g<\/p><p>Fett 16,6 g<\/p>\t\t\t\t\t\t\t\t<\/div>\n\t\t\t\t<\/div>\n\t\t\t\t\t<\/div>\n\t\t<\/div>\n\t\t\t\t\t<\/div>\n\t\t<\/section>\n\t\t\t\t<\/div>\n\t\t","protected":false},"excerpt":{"rendered":"<p>Himbeer-K\u00e4sekuchen 1 grosse Springform, 28 cm Durchmesser 400 g Himbeeren tiefgefroren 100 g Zucker 1 P\u00e4ckchen Bourbon-Vanillezucker 1 TL geh\u00e4uft Feine Speisest\u00e4rke 3 EL Zitronensaft F\u00fcr den Teig: 150 g Weizenmehl 1 EL Kakaopulver 100 g Zucker 1 P\u00e4ckchen Bourbon-Vanillezucker 100 g weiche Butter F\u00fcr den Belag: 500 g Mascarpone 600 g Frischk\u00e4se Doppelrahmstufe 100 [&hellip;]<\/p>\n","protected":false},"author":1,"featured_media":0,"parent":0,"menu_order":0,"comment_status":"closed","ping_status":"closed","template":"","meta":{"footnotes":""},"class_list":["post-1529","page","type-page","status-publish","hentry"],"_links":{"self":[{"href":"https:\/\/xn--hw-kppers-t9a.de\/index.php?rest_route=\/wp\/v2\/pages\/1529","targetHints":{"allow":["GET"]}}],"collection":[{"href":"https:\/\/xn--hw-kppers-t9a.de\/index.php?rest_route=\/wp\/v2\/pages"}],"about":[{"href":"https:\/\/xn--hw-kppers-t9a.de\/index.php?rest_route=\/wp\/v2\/types\/page"}],"author":[{"embeddable":true,"href":"https:\/\/xn--hw-kppers-t9a.de\/index.php?rest_route=\/wp\/v2\/users\/1"}],"replies":[{"embeddable":true,"href":"https:\/\/xn--hw-kppers-t9a.de\/index.php?rest_route=%2Fwp%2Fv2%2Fcomments&post=1529"}],"version-history":[{"count":7,"href":"https:\/\/xn--hw-kppers-t9a.de\/index.php?rest_route=\/wp\/v2\/pages\/1529\/revisions"}],"predecessor-version":[{"id":1541,"href":"https:\/\/xn--hw-kppers-t9a.de\/index.php?rest_route=\/wp\/v2\/pages\/1529\/revisions\/1541"}],"wp:attachment":[{"href":"https:\/\/xn--hw-kppers-t9a.de\/index.php?rest_route=%2Fwp%2Fv2%2Fmedia&parent=1529"}],"curies":[{"name":"wp","href":"https:\/\/api.w.org\/{rel}","templated":true}]}}