{"id":1459,"date":"2023-05-14T14:00:55","date_gmt":"2023-05-14T14:00:55","guid":{"rendered":"https:\/\/xn--hw-kppers-t9a.de\/?page_id=1459"},"modified":"2023-05-14T14:05:29","modified_gmt":"2023-05-14T14:05:29","slug":"erdbeer-schmandkuchen-vom-blech","status":"publish","type":"page","link":"https:\/\/xn--hw-kppers-t9a.de\/?page_id=1459","title":{"rendered":"Erdbeer \u2013 Schmandkuchen vom Blech"},"content":{"rendered":"\t\t<div data-elementor-type=\"wp-page\" data-elementor-id=\"1459\" class=\"elementor elementor-1459\" data-elementor-post-type=\"page\">\n\t\t\t\t\t\t<section class=\"elementor-section elementor-top-section elementor-element elementor-element-9eed3cc elementor-section-boxed elementor-section-height-default elementor-section-height-default\" data-id=\"9eed3cc\" data-element_type=\"section\" data-e-type=\"section\">\n\t\t\t\t\t\t\t<div class=\"elementor-background-overlay\"><\/div>\n\t\t\t\t\t\t\t<div class=\"elementor-container elementor-column-gap-default\">\n\t\t\t\t\t<div class=\"elementor-column elementor-col-100 elementor-top-column elementor-element elementor-element-d3bf330\" data-id=\"d3bf330\" data-element_type=\"column\" data-e-type=\"column\">\n\t\t\t<div class=\"elementor-widget-wrap elementor-element-populated\">\n\t\t\t\t\t\t<div class=\"elementor-element elementor-element-2e85551 elementor-widget elementor-widget-heading\" data-id=\"2e85551\" data-element_type=\"widget\" data-e-type=\"widget\" data-widget_type=\"heading.default\">\n\t\t\t\t<div class=\"elementor-widget-container\">\n\t\t\t\t\t<h2 class=\"elementor-heading-title elementor-size-default\">Erdbeer \u2013 Schmandkuchen vom Blech<\/h2>\t\t\t\t<\/div>\n\t\t\t\t<\/div>\n\t\t\t\t<div class=\"elementor-element elementor-element-fe4a8dc elementor-widget elementor-widget-text-editor\" data-id=\"fe4a8dc\" data-element_type=\"widget\" data-e-type=\"widget\" data-widget_type=\"text-editor.default\">\n\t\t\t\t<div class=\"elementor-widget-container\">\n\t\t\t\t\t\t\t\t\t<ul><li><strong>F\u00fcr den Teig:<\/strong><\/li><li><strong>600g Mehl<\/strong><\/li><li><strong>1 EL Backpulver<\/strong><\/li><li><strong>400g Zucker<\/strong><\/li><li><strong>3 Eier<\/strong><\/li><li><strong>250 ml neutrales \u00d6l<\/strong><\/li><li><strong>250 ml Mineralwasser<\/strong><\/li><li><strong>F\u00fcr die Cremeschicht:<\/strong><\/li><li><strong>2 Pck. Vanillepudding<\/strong><\/li><li><strong>1 Liter Milch<\/strong><\/li><li><strong>100g Zucker<\/strong><\/li><li><strong>2 Becher Schmand<\/strong><\/li><li><strong>1 EL Vanilleextrakt<\/strong><\/li><li><strong>F\u00fcr den Belag:<\/strong><\/li><li><strong>1,5 Kilo Erdbeeren<\/strong><\/li><li><strong>3 Pck. roter Tortenguss<\/strong><\/li><\/ul><ul><li><strong>Den Backofen auf 180\u00b0 O\/U Hitze vorheizen, ein Backblech mit Backpapier auslegen und einen Backrahmen (auf die Gr\u00f6\u00dfe des Blechs einstellen) darauf stellen.<\/strong><\/li><li><strong>2<\/strong><\/li><li><strong>Alle Zutaten f\u00fcr den Boden in eine gro\u00dfe R\u00fchrsch\u00fcssel geben und einen Teig herstellen. Auf das Backblech geben und f\u00fcr ca. 25 Minuten backen. Ausk\u00fchlen lassen.<\/strong><\/li><li><strong>3<\/strong><\/li><li><strong>Den Pudding nach Packungsanleitung herstellen, den Zucker unterr\u00fchren. Den Pudding mit Klarsichtfolie abdecken, sodass keine Haut ensteht. Etwas abk\u00fchlen lassen. Den Schmand und das Vanilleextrakt unter den Pudding r\u00fchren. Auf dem Kuchenboden verteilen und ca. eine halbe Stunde in den K\u00fchlschrank stellen.<\/strong><\/li><li><strong>4<\/strong><\/li><li><strong>Die Erdbeeren waschen und vom Gr\u00fcn befreien, halbieren, ggf. vierteln und auf der Cremeschicht verteilen. Den Tortenguss nach Packungsanleitung zubereiten und auf den Erdbeeren verteilen. Den Kuchen noch einmal f\u00fcr mindestens eine Stunde in den K\u00fchlschrank stellen.<\/strong><\/li><\/ul>\t\t\t\t\t\t\t\t<\/div>\n\t\t\t\t<\/div>\n\t\t\t\t\t<\/div>\n\t\t<\/div>\n\t\t\t\t\t<\/div>\n\t\t<\/section>\n\t\t\t\t<\/div>\n\t\t","protected":false},"excerpt":{"rendered":"<p>Erdbeer \u2013 Schmandkuchen vom Blech F\u00fcr den Teig: 600g Mehl 1 EL Backpulver 400g Zucker 3 Eier 250 ml neutrales \u00d6l 250 ml Mineralwasser F\u00fcr die Cremeschicht: 2 Pck. Vanillepudding 1 Liter Milch 100g Zucker 2 Becher Schmand 1 EL Vanilleextrakt F\u00fcr den Belag: 1,5 Kilo Erdbeeren 3 Pck. roter Tortenguss Den Backofen auf 180\u00b0 [&hellip;]<\/p>\n","protected":false},"author":1,"featured_media":0,"parent":0,"menu_order":0,"comment_status":"closed","ping_status":"closed","template":"","meta":{"footnotes":""},"class_list":["post-1459","page","type-page","status-publish","hentry"],"_links":{"self":[{"href":"https:\/\/xn--hw-kppers-t9a.de\/index.php?rest_route=\/wp\/v2\/pages\/1459","targetHints":{"allow":["GET"]}}],"collection":[{"href":"https:\/\/xn--hw-kppers-t9a.de\/index.php?rest_route=\/wp\/v2\/pages"}],"about":[{"href":"https:\/\/xn--hw-kppers-t9a.de\/index.php?rest_route=\/wp\/v2\/types\/page"}],"author":[{"embeddable":true,"href":"https:\/\/xn--hw-kppers-t9a.de\/index.php?rest_route=\/wp\/v2\/users\/1"}],"replies":[{"embeddable":true,"href":"https:\/\/xn--hw-kppers-t9a.de\/index.php?rest_route=%2Fwp%2Fv2%2Fcomments&post=1459"}],"version-history":[{"count":7,"href":"https:\/\/xn--hw-kppers-t9a.de\/index.php?rest_route=\/wp\/v2\/pages\/1459\/revisions"}],"predecessor-version":[{"id":1468,"href":"https:\/\/xn--hw-kppers-t9a.de\/index.php?rest_route=\/wp\/v2\/pages\/1459\/revisions\/1468"}],"wp:attachment":[{"href":"https:\/\/xn--hw-kppers-t9a.de\/index.php?rest_route=%2Fwp%2Fv2%2Fmedia&parent=1459"}],"curies":[{"name":"wp","href":"https:\/\/api.w.org\/{rel}","templated":true}]}}