{"id":1320,"date":"2023-05-14T12:15:09","date_gmt":"2023-05-14T12:15:09","guid":{"rendered":"https:\/\/xn--hw-kppers-t9a.de\/?page_id=1320"},"modified":"2023-05-14T12:24:18","modified_gmt":"2023-05-14T12:24:18","slug":"marzipan-kipferl","status":"publish","type":"page","link":"https:\/\/xn--hw-kppers-t9a.de\/?page_id=1320","title":{"rendered":"Marzipan Kipferl"},"content":{"rendered":"\t\t<div data-elementor-type=\"wp-page\" data-elementor-id=\"1320\" class=\"elementor elementor-1320\" data-elementor-post-type=\"page\">\n\t\t\t\t\t\t<section class=\"elementor-section elementor-top-section elementor-element elementor-element-071017b elementor-section-boxed elementor-section-height-default elementor-section-height-default\" data-id=\"071017b\" data-element_type=\"section\" data-e-type=\"section\">\n\t\t\t\t\t\t\t<div class=\"elementor-background-overlay\"><\/div>\n\t\t\t\t\t\t\t<div class=\"elementor-container elementor-column-gap-default\">\n\t\t\t\t\t<div class=\"elementor-column elementor-col-100 elementor-top-column elementor-element elementor-element-86d8c35\" data-id=\"86d8c35\" data-element_type=\"column\" data-e-type=\"column\">\n\t\t\t<div class=\"elementor-widget-wrap elementor-element-populated\">\n\t\t\t\t\t\t<div class=\"elementor-element elementor-element-b3677d8 elementor-widget elementor-widget-heading\" data-id=\"b3677d8\" data-element_type=\"widget\" data-e-type=\"widget\" data-widget_type=\"heading.default\">\n\t\t\t\t<div class=\"elementor-widget-container\">\n\t\t\t\t\t<h2 class=\"elementor-heading-title elementor-size-default\">Marzipan Kipferl <\/h2>\t\t\t\t<\/div>\n\t\t\t\t<\/div>\n\t\t\t\t<div class=\"elementor-element elementor-element-5fb10d3 elementor-widget-divider--view-line elementor-widget elementor-widget-divider\" data-id=\"5fb10d3\" data-element_type=\"widget\" data-e-type=\"widget\" data-widget_type=\"divider.default\">\n\t\t\t\t<div class=\"elementor-widget-container\">\n\t\t\t\t\t\t\t<div class=\"elementor-divider\">\n\t\t\t<span class=\"elementor-divider-separator\">\n\t\t\t\t\t\t<\/span>\n\t\t<\/div>\n\t\t\t\t\t\t<\/div>\n\t\t\t\t<\/div>\n\t\t\t\t<div class=\"elementor-element elementor-element-22f3562 elementor-widget elementor-widget-text-editor\" data-id=\"22f3562\" data-element_type=\"widget\" data-e-type=\"widget\" data-widget_type=\"text-editor.default\">\n\t\t\t\t<div class=\"elementor-widget-container\">\n\t\t\t\t\t\t\t\t\t<p><strong>Zutaten<\/strong><\/p><table width=\"588\"><tbody><tr><td width=\"291\"><p><strong>Marzipan Rohmasse<\/strong><\/p><\/td><td width=\"291\"><p><strong>250\u00a0g<\/strong><\/p><\/td><\/tr><tr><td width=\"291\"><p><strong>Puderzucker<\/strong><\/p><\/td><td width=\"291\"><p><strong>150\u00a0g<\/strong><\/p><\/td><\/tr><tr><td width=\"291\"><p><strong>Butter<\/strong><\/p><\/td><td width=\"291\"><p><strong>120\u00a0g<\/strong><\/p><\/td><\/tr><tr><td width=\"291\"><p><strong>Ei<\/strong><\/p><\/td><td width=\"291\"><p><strong>1\u00a0Stk.<\/strong><\/p><\/td><\/tr><tr><td width=\"291\"><p><strong>Haseln\u00fcsse gemahlen<\/strong><\/p><\/td><td width=\"291\"><p><strong>120\u00a0g<\/strong><\/p><\/td><\/tr><tr><td width=\"291\"><p><strong>Mehl<\/strong><\/p><\/td><td width=\"291\"><p><strong>250\u00a0g<\/strong><\/p><\/td><\/tr><tr><td width=\"291\"><p><strong>St\u00e4rke<\/strong><\/p><\/td><td width=\"291\"><p><strong>1\u00a0EL<\/strong><\/p><\/td><\/tr><tr><td width=\"291\"><p><strong>Vanillezucker<\/strong><\/p><\/td><td width=\"291\"><p><strong>3\u00a0Pk.<\/strong><\/p><\/td><\/tr><tr><td width=\"291\"><p><strong>Backpulver<\/strong><\/p><\/td><td width=\"291\"><p><strong>0,5\u00a0TL<\/strong><\/p><\/td><\/tr><tr><td width=\"291\"><p><strong>Sauerrahm<\/strong><\/p><\/td><td width=\"291\"><p><strong>2\u00a0EL<\/strong><\/p><\/td><\/tr><\/tbody><\/table><p><strong>\u00a0<\/strong><strong>Zubereitung<\/strong><\/p><p>\u00a0<\/p><p><strong>Vorbereitung: 15 Min<\/strong><\/p><p><strong>Garzeit: 10 Min<\/strong><\/p><p><strong>Ruhezeit: 1 Std 20 Min<\/strong><\/p><p><strong>Gesamtzeit: 1 Std 45 Min<\/strong><\/p><p>\u00a0<\/p><p><strong>1.<\/strong><strong>Marzipan in kleine St\u00fccke hacken und mit Ei, Butter und Zucker so lange mit dem elektrischen Handr\u00fchrer mixen, bis sich die Zutaten vermischen, dann die restlichen Zutaten unter r\u00fchren. Mit bemehlten H\u00e4nden die Masse zu einer Kugel formen und im K\u00fchlschrank ca. 1 Stunde kalt stellen.<\/strong><\/p><p>\u00a0<\/p><p><strong>2.<\/strong><strong>Den Teig portionsweise zu d\u00fcnnen Rollen rollen und gleich gro\u00dfe St\u00fccke schneiden, diese dann zu Kipferl formen und auf eine bemehlte Fl\u00e4che legen. WICHTIG: es mu\u00df kalt sein! Sonst zerflie\u00dfen die Kipferl im Ofen, also am besten Kipferl wuzeln und dann nochmal vor dem Backen (auf Backblech mit Backpapier) ca. 15-20 Minuten vor dem offenen Fenster stehen lassen.<\/strong><\/p><p>\u00a0<\/p><p><strong>3.<\/strong><strong>Im vorgeheizten Ofen die Kipferl ca. 10-12 Minuten backen (ausreichend Abstand lassen, die Kipferl gehen bissl auseinander), herausnehmen, abk\u00fchlen lassen und in die Kuvert\u00fcre tauchen.<\/strong><\/p>\t\t\t\t\t\t\t\t<\/div>\n\t\t\t\t<\/div>\n\t\t\t\t\t<\/div>\n\t\t<\/div>\n\t\t\t\t\t<\/div>\n\t\t<\/section>\n\t\t\t\t<\/div>\n\t\t","protected":false},"excerpt":{"rendered":"<p>Marzipan Kipferl Zutaten Marzipan Rohmasse 250\u00a0g Puderzucker 150\u00a0g Butter 120\u00a0g Ei 1\u00a0Stk. Haseln\u00fcsse gemahlen 120\u00a0g Mehl 250\u00a0g St\u00e4rke 1\u00a0EL Vanillezucker 3\u00a0Pk. Backpulver 0,5\u00a0TL Sauerrahm 2\u00a0EL \u00a0Zubereitung \u00a0 Vorbereitung: 15 Min Garzeit: 10 Min Ruhezeit: 1 Std 20 Min Gesamtzeit: 1 Std 45 Min \u00a0 1.Marzipan in kleine St\u00fccke hacken und mit Ei, Butter und Zucker [&hellip;]<\/p>\n","protected":false},"author":1,"featured_media":0,"parent":0,"menu_order":0,"comment_status":"closed","ping_status":"closed","template":"","meta":{"footnotes":""},"class_list":["post-1320","page","type-page","status-publish","hentry"],"_links":{"self":[{"href":"https:\/\/xn--hw-kppers-t9a.de\/index.php?rest_route=\/wp\/v2\/pages\/1320","targetHints":{"allow":["GET"]}}],"collection":[{"href":"https:\/\/xn--hw-kppers-t9a.de\/index.php?rest_route=\/wp\/v2\/pages"}],"about":[{"href":"https:\/\/xn--hw-kppers-t9a.de\/index.php?rest_route=\/wp\/v2\/types\/page"}],"author":[{"embeddable":true,"href":"https:\/\/xn--hw-kppers-t9a.de\/index.php?rest_route=\/wp\/v2\/users\/1"}],"replies":[{"embeddable":true,"href":"https:\/\/xn--hw-kppers-t9a.de\/index.php?rest_route=%2Fwp%2Fv2%2Fcomments&post=1320"}],"version-history":[{"count":10,"href":"https:\/\/xn--hw-kppers-t9a.de\/index.php?rest_route=\/wp\/v2\/pages\/1320\/revisions"}],"predecessor-version":[{"id":1332,"href":"https:\/\/xn--hw-kppers-t9a.de\/index.php?rest_route=\/wp\/v2\/pages\/1320\/revisions\/1332"}],"wp:attachment":[{"href":"https:\/\/xn--hw-kppers-t9a.de\/index.php?rest_route=%2Fwp%2Fv2%2Fmedia&parent=1320"}],"curies":[{"name":"wp","href":"https:\/\/api.w.org\/{rel}","templated":true}]}}