{"id":1263,"date":"2023-05-14T11:28:09","date_gmt":"2023-05-14T11:28:09","guid":{"rendered":"https:\/\/xn--hw-kppers-t9a.de\/?page_id=1263"},"modified":"2023-05-14T11:35:29","modified_gmt":"2023-05-14T11:35:29","slug":"fruechtebrot-selber-machen","status":"publish","type":"page","link":"https:\/\/xn--hw-kppers-t9a.de\/?page_id=1263","title":{"rendered":"Fr\u00fcchtebrot selber machen"},"content":{"rendered":"\t\t<div data-elementor-type=\"wp-page\" data-elementor-id=\"1263\" class=\"elementor elementor-1263\" data-elementor-post-type=\"page\">\n\t\t\t\t\t\t<section class=\"elementor-section elementor-top-section elementor-element elementor-element-b20eeeb elementor-section-boxed elementor-section-height-default elementor-section-height-default\" data-id=\"b20eeeb\" data-element_type=\"section\" data-e-type=\"section\">\n\t\t\t\t\t\t\t<div class=\"elementor-background-overlay\"><\/div>\n\t\t\t\t\t\t\t<div class=\"elementor-container elementor-column-gap-default\">\n\t\t\t\t\t<div class=\"elementor-column elementor-col-100 elementor-top-column elementor-element elementor-element-18ef6b1\" data-id=\"18ef6b1\" data-element_type=\"column\" data-e-type=\"column\">\n\t\t\t<div class=\"elementor-widget-wrap elementor-element-populated\">\n\t\t\t\t\t\t<div class=\"elementor-element elementor-element-15f1090 elementor-widget elementor-widget-heading\" data-id=\"15f1090\" data-element_type=\"widget\" data-e-type=\"widget\" data-widget_type=\"heading.default\">\n\t\t\t\t<div class=\"elementor-widget-container\">\n\t\t\t\t\t<h2 class=\"elementor-heading-title elementor-size-default\">Fr\u00fcchtebrot selber machen<\/h2>\t\t\t\t<\/div>\n\t\t\t\t<\/div>\n\t\t\t\t<div class=\"elementor-element elementor-element-1f72331 elementor-widget elementor-widget-text-editor\" data-id=\"1f72331\" data-element_type=\"widget\" data-e-type=\"widget\" data-widget_type=\"text-editor.default\">\n\t\t\t\t<div class=\"elementor-widget-container\">\n\t\t\t\t\t\t\t\t\t<p>Leckeres Fr\u00fcchtebrot zu backen, ist wirklich nicht schwer.<\/p><p><span style=\"text-decoration: underline;\"><span style=\"color: #ff6600; text-decoration: underline;\">F\u00fcr zwei Brote<\/span><\/span> (je ca. 1 Kilogramm) ben\u00f6tigen Sie folgende Zutaten:<\/p><p>\u00a0<\/p><p>250 g gemischtes Trockenobst<\/p><p>100 g Bananenchips getrocknet<\/p><p>100 g Mangostreifen getrocknet<\/p><p>100 Caribic-Mischung trocken<\/p><p>100 g Aprikosen getrocknet<\/p><p>150 g Trockenpflaumen<\/p><p>200 g Datteln<\/p><p>200 g Feigen<\/p><p>75 g Zitronat<\/p><p>50 g Orangeat<\/p><p>200 g Rosinen oder Sultaninen<\/p><p>125 g Korinthen<\/p><p>175 g Cranberries<\/p><p>100 g kandierten Ingwer<\/p><p>100 g Mandeln gehackt<\/p><p>100 g Haseln\u00fcsse gehackt<\/p><p>100 g Walln\u00fcsse grob gehackt<\/p><p>100 g Cashewkerne<\/p><p>50 g Pistatien<\/p><p>480 g Mehl (Typ 550)<\/p><p>4 TL\u00a0 Anis<\/p><p>1 W\u00fcrfel frische Hefe (42 g)<\/p><p>12 EL\u00a0 Akazien-Honig<\/p><p>2 TL Zimt<\/p><p>450 g Aprikosenmarmelade<\/p><p>\u00a0<\/p><h3><span style=\"color: #0000ff;\">Und so wird das Fr\u00fcchtebrot gemacht:<\/span><\/h3><p>\u00a0<\/p><ol><li>Zuerst das Trockenobst fein w\u00fcrfeln und \u00fcber Nacht in reichlich Wasser einweichen. Am n\u00e4chsten Tag im Einweichwasser aufkochen.<\/li><li>Anschlie\u00dfend Pflaumen, Feigen, Rosinen, Korinthen,Cranberries und den Ingwer fein w\u00fcrfeln, in eine Sch\u00fcssel geben und das Trockenobst mit dem Einweichwasserdar\u00fcbergie\u00dfen.Das Ganze so lange quellen lassen, bis es sich gut vollgesogen hat.<\/li><li>Inzwischen Mandeln und Haseln\u00fcsse grob hacken, Zitronat und Orangeat fein w\u00fcrfeln. Die Fr\u00fcchte abgie\u00dfen.<\/li><li>Mehl mit Anis mischen, in die Mitte eine Mulde dr\u00fccken und die Hefe hineinbr\u00f6ckeln. Mit 3-4 EL lauwarmem Wasser verr\u00fchren, etwas Mehl dar\u00fcberst\u00e4ubenund zugedeckt an einem warmen Ort ca. 15 Minuten gehen lassen.<\/li><li>Danach Honig \u00fcber das Mehl tr\u00e4ufeln, Zimt dar\u00fcberstreuen und mit 4 EL lauwarmem Wasser zu einem glatten Teig verkneten. Zugedeckt weitere 45 Minuten gehen lassen.<\/li><li>Nun die Fr\u00fcchte, N\u00fcsse, Mandeln, Zitronat und Orangeat zugeben und alles gut verkneten. Nochmals 30 Minuten zugedeckt gehen lassen.<\/li><li>Den Backofen auf 200\u00b0C Ober-\/Unterhitze vorheizen. Ein Backblech mit Backpapier auslegen.<\/li><li>Aus dem fertigen Teig zwei Laibe formen, diesen auf das Backblech legen und in den vorgeheizten Ofen schieben. Eine Schale Wasser dazustellenund das Brot ca. 1 Stunde backen (wenn m\u00f6glich mit Hydro-Backstufe).<\/li><li>Die fertigen Brot aus dem Ofen nehmen, mit der leicht erw\u00e4rmten Konfit\u00fcre bestreichen und ausk\u00fchlen lassen.<\/li><\/ol><p>Die Brote kann, wer will einmal pro Woche mit Cherry tr\u00e4nken und immer wieder in Leinent\u00fccher wickeln!T<\/p>\t\t\t\t\t\t\t\t<\/div>\n\t\t\t\t<\/div>\n\t\t\t\t\t<\/div>\n\t\t<\/div>\n\t\t\t\t\t<\/div>\n\t\t<\/section>\n\t\t\t\t<\/div>\n\t\t","protected":false},"excerpt":{"rendered":"<p>Fr\u00fcchtebrot selber machen Leckeres Fr\u00fcchtebrot zu backen, ist wirklich nicht schwer. F\u00fcr zwei Brote (je ca. 1 Kilogramm) ben\u00f6tigen Sie folgende Zutaten: \u00a0 250 g gemischtes Trockenobst 100 g Bananenchips getrocknet 100 g Mangostreifen getrocknet 100 Caribic-Mischung trocken 100 g Aprikosen getrocknet 150 g Trockenpflaumen 200 g Datteln 200 g Feigen 75 g Zitronat 50 [&hellip;]<\/p>\n","protected":false},"author":1,"featured_media":0,"parent":0,"menu_order":0,"comment_status":"closed","ping_status":"closed","template":"","meta":{"footnotes":""},"class_list":["post-1263","page","type-page","status-publish","hentry"],"_links":{"self":[{"href":"https:\/\/xn--hw-kppers-t9a.de\/index.php?rest_route=\/wp\/v2\/pages\/1263","targetHints":{"allow":["GET"]}}],"collection":[{"href":"https:\/\/xn--hw-kppers-t9a.de\/index.php?rest_route=\/wp\/v2\/pages"}],"about":[{"href":"https:\/\/xn--hw-kppers-t9a.de\/index.php?rest_route=\/wp\/v2\/types\/page"}],"author":[{"embeddable":true,"href":"https:\/\/xn--hw-kppers-t9a.de\/index.php?rest_route=\/wp\/v2\/users\/1"}],"replies":[{"embeddable":true,"href":"https:\/\/xn--hw-kppers-t9a.de\/index.php?rest_route=%2Fwp%2Fv2%2Fcomments&post=1263"}],"version-history":[{"count":7,"href":"https:\/\/xn--hw-kppers-t9a.de\/index.php?rest_route=\/wp\/v2\/pages\/1263\/revisions"}],"predecessor-version":[{"id":1271,"href":"https:\/\/xn--hw-kppers-t9a.de\/index.php?rest_route=\/wp\/v2\/pages\/1263\/revisions\/1271"}],"wp:attachment":[{"href":"https:\/\/xn--hw-kppers-t9a.de\/index.php?rest_route=%2Fwp%2Fv2%2Fmedia&parent=1263"}],"curies":[{"name":"wp","href":"https:\/\/api.w.org\/{rel}","templated":true}]}}